ANNUAL CLIMATOLOGICAL SUMMARY

NAME: Wallaroo  CITY:    STATE:   
ELEV:   602 m  LAT:  35 10' 14" S  LONG: 149 01' 10" E

               TEMPERATURE (C), HEAT BASE 18.3, COOL BASE 18.3
                          DEP.  HEAT  COOL                                          
        MEAN  MEAN        FROM  DEG   DEG                        MAX  MAX  MIN  MIN 
 YR MO  MAX   MIN   MEAN  NORM  DAYS  DAYS  HI  DATE  LOW  DATE  >=32 <=0  <=0  <=-18 
------------------------------------------------------------------------------------
 17  1  33.5  15.9  23.9   0.0    19   182  40.1  17  10.6   21   20    0    0    0
 17  2  30.7  13.7  21.3   0.0    40   124  43.0  11   5.2   21   13    0    0    0
 17  3  25.8  14.0  18.8   0.0    46    61  32.9  12   7.8   31    2    0    0    0
 17  4  20.4   7.4  13.0   0.0   168    11  24.8  18   0.7   29    0    0    0    0
 17  5  16.2   4.3   9.6   0.0   233     0  19.9   1  -0.7    8    0    0    1    0
 17  6  12.6   2.0   6.3   0.0   269     0  17.5   8  -2.6    1    0    0    7    0
 17  7  11.7   1.0   5.9   0.0   386     0  16.1  30  -4.1   22    0    0   12    0
 17  8  13.0   2.0   6.9   0.0   350     0  18.4  14  -4.2   28    0    0    9    0
 17  9  17.2   3.7  10.3   0.0   249     7  28.8  23  -2.4   17    0    0    6    0
 17 10  22.6   8.3  15.0   0.0   131    26  27.0  18   4.1    1    0    0    0    0
 17 11  24.7  10.4  16.7   0.0    95    48  32.1  25   3.9    7    1    0    0    0
 17 12  25.4  13.1  18.9   0.0    31    37  34.5  13   9.6    4    2    0    0    0
------------------------------------------------------------------------------------
        20.9   7.7  13.6   0.0  2017   494  43.0 FEB  -4.2  AUG   38    0   35    0

                                PRECIPITATION (mm)

               DEP.   MAX        DAYS OF RAIN 
               FROM   OBS.          OVER
 YR MO  TOTAL  NORM   DAY  DATE  .2   2   20
---------------------------------------------
 17  1  24.6    0.0  10.4    5    6    3    0
 17  2  25.7    0.0  13.0    1    5    3    0
 17  3 101.9    0.0  31.0   21   15    8    2
 17  4  40.1    0.0  13.0   25   11    4    0
 17  5  53.8    0.0  21.3   20   12    4    1
 17  6   3.8    0.0   0.8    6   13    0    0
 17  7  35.3    0.0  14.7   31   19    4    0
 17  8  44.5    0.0  17.0    3   10    6    0
 17  9   2.0    0.0   1.0    5    4    0    0
 17 10  70.6    0.0  27.2   26   11    5    1
 17 11  62.0    0.0  29.5    6   10    7    1
 17 12  98.8    0.0  48.8    2    8    6    2
---------------------------------------------
       563.1   0.0  48.8  DEC  124   50    7

                                WIND SPEED (km/hr)
                          DOM
 YR MO   AVG.  HI   DATE  DIR
---------------------------------
 17  1   1.7  53.1    5     S
 17  2   1.9  38.6    7   SSE
 17  3   3.4  45.1   20   ESE
 17  4   0.5  29.0    3   SSE
 17  5   0.3  33.8   31     S
 17  6   0.6  46.7    7     S
 17  7   0.1  20.9   20    NW
 17  8   0.6  33.8   30    NW
 17  9   0.4  29.0    6     W
 17 10   0.5  49.9   26   SSE
 17 11   0.8  41.8   11     S
 17 12   0.7  41.8    5     S
---------------------------------
         1.0  53.1  JAN    S