ANNUAL CLIMATOLOGICAL SUMMARY

NAME: Wallaroo  CITY:    STATE:   
ELEV:   602 m  LAT:  35 10' 14" S  LONG: 149 01' 10" E

               TEMPERATURE (C), HEAT BASE 18.3, COOL BASE 18.3
                          DEP.  HEAT  COOL                                          
        MEAN  MEAN        FROM  DEG   DEG                        MAX  MAX  MIN  MIN 
 YR MO  MAX   MIN   MEAN  NORM  DAYS  DAYS  HI  DATE  LOW  DATE  >=32 <=0  <=0  <=-18 
------------------------------------------------------------------------------------
 18  1  31.8  15.1  22.8   0.0    27   166  40.1   7   7.8   14   16    0    0    0
 18  2  29.3  13.7  20.2   0.0    39    80  35.4   9   8.6    2   11    0    0    0
 18  3  26.8  11.7  18.2   0.0    72    69  33.8  18   3.3   27    3    0    0    0
 18  4  25.3   9.9  16.4   0.0   107    48  33.1  11   4.4   30    2    0    0    0
 18  5  16.9   4.0   9.5   0.0   275     3  24.4   3  -0.7   15    0    0    1    0
 18  6  12.5   3.1   7.2   0.0   311     0  16.7   7  -3.6   23    0    0    6    0
 18  7  12.7   0.4   5.9   0.0   376     0  16.9   5  -5.2   23    0    0   17    0
 18  8  13.4   2.1   7.1   0.0   341     0  18.6   3  -2.9   29    0    0    7    0
 18  9  17.7   3.6  10.2   0.0   247     3  23.6  28  -1.4   17    0    0    5    0
 18 10  23.2   8.4  15.1   0.0   135    37  32.9  31   3.3    1    1    0    0    0
 18 11  25.3  10.8  17.2   0.0    90    54  35.3   1   3.8    8    4    0    0    0
 18 12  28.7  13.3  20.6   0.0    13    38  34.4   9   9.8    3    3    0    0    0
------------------------------------------------------------------------------------
        21.5   7.7  13.8   0.0  2034   497  40.1 JAN  -5.2  JUL   40    0   36    0

                                PRECIPITATION (mm)

               DEP.   MAX        DAYS OF RAIN 
               FROM   OBS.          OVER
 YR MO  TOTAL  NORM   DAY  DATE  .2   2   20
---------------------------------------------
 18  1  29.0    0.0   6.6    9    9    5    0
 18  2  70.6    0.0  60.7   25    3    2    1
 18  3   6.3    0.0   5.8   25    3    1    0
 18  4  10.7    0.0   6.9   14    3    2    0
 18  5  17.0    0.0  12.2    4    5    2    0
 18  6  30.0    0.0   4.8   28   16    6    0
 18  7   9.1    0.0   4.3   28   10    1    0
 18  8  35.3    0.0  11.4    3   12    5    0
 18  9  21.3    0.0  18.3    6    5    2    0
 18 10  12.2    0.0   8.9   20    5    2    0
 18 11  89.2    0.0  24.6   28   11    5    2
 18 12   2.0    0.0   1.3   10    2    0    0
---------------------------------------------
       332.7   0.0  60.7  FEB   84   33    3

                                WIND SPEED (km/hr)
                          DOM
 YR MO   AVG.  HI   DATE  DIR
---------------------------------
 18  1   1.2  46.7   14     S
 18  2   1.2  40.2   10     S
 18  3   1.1  38.6    6   SSE
 18  4   0.1  29.0   29   SSE
 18  5   0.4  43.5   13   SSE
 18  6   1.0  48.3    1   SSE
 18  7   0.1  25.7    8     W
 18  8   0.2  25.7    3   WNW
 18  9   0.4  33.8   29   SSE
 18 10   1.3  41.8   10   SSE
 18 11   0.6  38.6   29   SSE
 18 12   0.3  22.5    4   NNE
---------------------------------
         0.7  48.3  JUN  SSE