ANNUAL CLIMATOLOGICAL SUMMARY

NAME: Wallaroo  CITY:    STATE:   
ELEV:   637 m  LAT:  35 10' 02" S  LONG: 149 08' 57" E

               TEMPERATURE (C), HEAT BASE 18.3, COOL BASE 18.3
                          DEP.  HEAT  COOL                                          
        MEAN  MEAN        FROM  DEG   DEG                        MAX  MAX  MIN  MIN 
 YR MO  MAX   MIN   MEAN  NORM  DAYS  DAYS  HI  DATE  LOW  DATE  >=32 <=0  <=0  <=-18 
------------------------------------------------------------------------------------
 20  1  33.1  15.8  23.5   0.0    19   163  45.9   4  11.7    2   19    0    0    0
 20  2  27.8  15.4  20.9   0.0    28    96  43.7   1   9.6    4    2    0    0    0
 20  3  25.6  12.2  18.0   0.0    71    60  31.9  20   6.9   15    0    0    0    0
 20  4  20.5   8.2  13.5   0.0   132    11  27.2   1   1.2   12    0    0    0    0
 20  5  15.0   3.6   8.6   0.0   291     0  20.6   8  -1.8   11    0    0    2    0
 20  6  13.3   2.0   7.0   0.0   339     0  17.5  20  -3.1    6    0    0    9    0
 20  7  12.8   2.0   6.7   0.0   355     0  15.7  29  -2.6   22    0    0    8    0
 20  8  12.5   2.2   6.8   0.0   358     0  19.4  29  -2.9    6    0    0    9    0
 20  9  17.9   5.1  11.0   0.0   206     6  24.9  21  -0.7   28    0    0    1    0
 20 10
 20 11
 20 12
------------------------------------------------------------------------------------
        19.8   7.4  12.9   0.0  1799   335  45.9 JAN  -3.1  JUN   21    0   29    0

                                PRECIPITATION (mm)

               DEP.   MAX        DAYS OF RAIN 
               FROM   OBS.          OVER
 YR MO  TOTAL  NORM   DAY  DATE  .2   2   20
---------------------------------------------
 20  1  39.1    0.0  30.5   16    8    4    1
 20  2  79.8    0.0  64.3   15    6    3    1
 20  3  93.7    0.0  41.9    4   12    5    2
 20  4  83.8    0.0  25.4    2   10    5    2
 20  5  33.8    0.0   9.4    1   16    5    0
 20  6  51.1    0.0  19.8   20   18    3    0
 20  7  51.3    0.0  16.3   12   18    6    0
 20  8 138.9    0.0  41.4    8   19   10    2
 20  9  48.0    0.0  16.0   25   14    4    0
 20 10
 20 11
 20 12
---------------------------------------------
       619.5   0.0  64.3  FEB  121   45    8

                                WIND SPEED (km/hr)
                          DOM
 YR MO   AVG.  HI   DATE  DIR
---------------------------------
 20  1   0.1 252.7   23   ESE
 20  2   0.0  20.9    4   SSE
 20  3   0.0  19.3    6    NW
 20  4   0.0   0.0    1   ---
 20  5   0.0   0.0    1   ---
 20  6   0.0   0.0    1   ---
 20  7   0.0   0.0    1   ---
 20  8   0.0   0.0    1   ---
 20  9   0.0   0.0    1   ---
 20 10
 20 11
 20 12
---------------------------------
         0.0 252.7  JAN   NW