ANNUAL CLIMATOLOGICAL SUMMARY

NAME: Wallaroo  CITY:    STATE:   
ELEV:   602 m  LAT:  35 10' 14" S  LONG: 149 01' 10" E

               TEMPERATURE (C), HEAT BASE 18.3, COOL BASE 18.3
                          DEP.  HEAT  COOL                                          
        MEAN  MEAN        FROM  DEG   DEG                        MAX  MAX  MIN  MIN 
 YR MO  MAX   MIN   MEAN  NORM  DAYS  DAYS  HI  DATE  LOW  DATE  >=32 <=0  <=0  <=-18 
------------------------------------------------------------------------------------
 19  1  35.7  17.9  25.6   0.0     6   227  43.0  16  13.9    6   23    0    0    0
 19  2  29.4  13.9  20.6   0.0    35    98  35.9   3   7.4   10    7    0    0    0
 19  3  26.1  12.7  18.6   0.0    62    72  35.0   4   4.8   31    2    0    0    0
 19  4  23.2   9.0  15.1   0.0   123    27  28.2  18   2.0   27    0    0    0    0
 19  5  16.3   4.8   9.6   0.0   269     2  24.2   2   0.9   15    0    0    0    0
 19  6  12.9   2.4   7.0   0.0   328     0  17.5   7  -3.2   22    0    0    4    0
 19  7  12.8   2.5   7.0   0.0   347     0  16.3  22  -2.4   25    0    0    6    0
 19  8  13.2   1.8   6.7   0.0   356     0  17.8  18  -2.2    7    0    0    5    0
 19  9  18.2   4.0  10.6   0.0   235     4  25.2  16  -0.5   24    0    0    3    0
 19 10  22.5   7.1  14.2   0.0   113    24  29.9  22   1.2    9    0    0    0    0
 19 11
 19 12
------------------------------------------------------------------------------------
        20.9   7.6  13.4   0.0  1874   453  43.0 JAN  -3.2  JUN   32    0   18    0

                                PRECIPITATION (mm)

               DEP.   MAX        DAYS OF RAIN 
               FROM   OBS.          OVER
 YR MO  TOTAL  NORM   DAY  DATE  .2   2   20
---------------------------------------------
 19  1  56.9    0.0  17.0   23   14    6    0
 19  2  77.7    0.0  50.8    5    7    5    1
 19  3  70.9    0.0  29.7   29   10    5    1
 19  4  14.2    0.0  13.5   22    4    1    0
 19  5  58.9    0.0  22.1    3   19    7    1
 19  6  22.1    0.0   8.1   29   17    4    0
 19  7  11.4    0.0   3.0   13   16    2    0
 19  8  30.5    0.0   9.9   10   13    5    0
 19  9  31.8    0.0  17.0   16    6    4    0
 19 10   8.4    0.0   3.0   16    5    3    0
 19 11
 19 12
---------------------------------------------
       382.8   0.0  50.8  FEB  111   42    3

                                WIND SPEED (km/hr)
                          DOM
 YR MO   AVG.  HI   DATE  DIR
---------------------------------
 19  1   0.0  29.0    2   NNE
 19  2   0.0   0.0    1   ---
 19  3   0.1 252.7   18     S
 19  4   0.1 252.7   16   SSE
 19  5   0.0 104.6    1   NNW
 19  6   0.4  48.3    4   SSE
 19  7   0.1  20.9    4     W
 19  8   0.0  25.7   17   NNW
 19  9   0.0   9.7   23   WNW
 19 10   0.0   0.0    1   ---
 19 11
 19 12
---------------------------------
         0.1 252.7  MAR  SSE