ANNUAL CLIMATOLOGICAL SUMMARY

NAME: Wallaroo  CITY:    STATE:   
ELEV:   602 m  LAT:  35 10' 14" S  LONG: 149 01' 10" E

               TEMPERATURE (C), HEAT BASE 18.3, COOL BASE 18.3
                          DEP.  HEAT  COOL                                          
        MEAN  MEAN        FROM  DEG   DEG                        MAX  MAX  MIN  MIN 
 YR MO  MAX   MIN   MEAN  NORM  DAYS  DAYS  HI  DATE  LOW  DATE  >=32 <=0  <=0  <=-18 
------------------------------------------------------------------------------------
 16  1  28.1  15.1  20.9   0.0    33   114  38.8  13   8.6   16   10    0    0    0
 16  2  29.1  15.2  21.5   0.0    25   113  37.1  25  10.0   17    5    0    0    0
 16  3  27.4  14.1  19.7   0.0    47    89  35.4   3   7.2   23    9    0    0    0
 16  4  23.7  10.1  15.8   0.0   108    32  30.2   6   5.3   27    0    0    0    0
 16  5  16.1   4.8  10.8   0.0   235     2  22.9   7 -36.3   31    0    0    2    1
 16  6  12.2   4.3   7.6   0.0   321     0  15.7  15  -2.7   29    0    0    9    0
 16  7  11.6   3.9   7.4   0.0   340     0  16.3  22  -1.9    3    0    0    4    0
 16  8  13.5   3.4   7.9   0.0   325     0  18.6  30  -1.9   12    0    0    3    0
 16  9  14.8   5.9  10.0   0.0   249     0  19.2  24   1.8   28    0    0    0    0
 16 10  17.9   6.4  11.9   0.0   206     7  24.8  29   2.2   24    0    0    0    0
 16 11  24.2  10.4  17.0   0.0    94    54  31.4  22   2.3    1    0    0    0    0
 16 12  28.6  14.5  20.9   0.0    42   122  33.3  13   8.1   10    6    0    0    0
------------------------------------------------------------------------------------
        20.6   9.0  14.3   0.0  2025   533  38.8 JAN -36.3  MAY   30    0   18    1

                                PRECIPITATION (mm)

               DEP.   MAX        DAYS OF RAIN 
               FROM   OBS.          OVER
 YR MO  TOTAL  NORM   DAY  DATE  .2   2   20
---------------------------------------------
 16  1  92.7    0.0  21.1   30   12    9    1
 16  2  42.4    0.0  33.5    1    5    3    1
 16  3  55.9    0.0  22.4   11   10    4    2
 16  4  13.7    0.0   5.6   16    6    4    0
 16  5  58.2    0.0  20.3    8   13    6    1
 16  6 141.5    0.0  48.5    5   23   10    3
 16  7 107.2    0.0  22.1   22   24   13    2
 16  8  52.1    0.0  17.5   31   14    8    0
 16  9 155.2    0.0  31.0    2   18    9    4
 16 10  53.3    0.0  19.0    3   10    7    0
 16 11  62.2    0.0  19.6   12   10    6    0
 16 12  44.7    0.0  15.5   16   10    7    0
---------------------------------------------
       879.1   0.0  48.5  JUN  155   86   14

                                WIND SPEED (km/hr)
                          DOM
 YR MO   AVG.  HI   DATE  DIR
---------------------------------
 16  1   2.7  46.7   15    SE
 16  2   2.2  49.9    4    SE
 16  3   1.8  43.5    3    SE
 16  4   1.1  30.6   23   SSE
 16  5   1.2  30.6   26    NW
 16  6   1.3  35.4    4    NW
 16  7   1.7  45.1    7    NW
 16  8   2.0  48.3    3    NW
 16  9   1.4  33.8    9    NW
 16 10   1.7  40.2    4    NW
 16 11   1.1  32.2   12     W
 16 12   1.3  40.2   24     S
---------------------------------
         1.6  49.9  FEB   NW