MONTHLY CLIMATOLOGICAL SUMMARY for MAR. 2019

NAME: Wallaroo   CITY:    STATE:  
ELEV:   602 m  LAT:  35 10' 14" S  LONG: 149 01' 10" E

                   TEMPERATURE (C), RAIN  (mm), WIND SPEED (km/hr)

                                      HEAT  COOL        AVG
    MEAN                              DEG   DEG         WIND                 DOM
DAY TEMP  HIGH   TIME   LOW    TIME   DAYS  DAYS  RAIN  SPEED HIGH   TIME    DIR
------------------------------------------------------------------------------------
 1  22.2  30.4   4:20p  15.4   7:20a   0.5   4.3   0.0   0.0   0.0     ---   ---
 2  22.6  31.3   2:30p  16.3   4:40a   0.4   4.7   0.0   0.0   0.0     ---   ---
 3  23.0  32.4   4:30p  13.8   7:10a   0.8   5.5   0.0   0.0   0.0     ---   ---
 4  24.1  35.0   3:10p  15.1   7:00a   0.4   6.2   0.0   0.0   0.0     ---   ---
 5  22.3  28.6  11:50a  16.7   6:00a   0.2   4.1   0.5   0.0   0.0     ---   ---
 6  17.4  22.7   3:10p  10.1  12:00m   1.5   0.6  10.7   0.0   0.0     ---   ---
 7  14.2  23.6   4:50p   6.8   7:40a   5.0   0.9   0.0   0.0   0.0     ---   ---
 8  19.1  29.0   2:40p   9.4   6:50a   2.6   3.4   0.0   0.0   0.0     ---   ---
 9  21.8  31.1   3:20p  16.3  12:00m   0.4   3.8   0.5   0.0   0.0     ---   ---
10  21.3  31.9   2:10p  13.7   6:50a   1.1   4.1   0.0   0.0   0.0     ---   ---
11  21.2  31.1   3:20p  13.2   7:10a   1.0   3.8   0.0   0.0   0.0     ---   ---
12  20.6  27.9   4:00p  13.9  12:00m   0.8   3.1   0.0   0.0   0.0     ---   ---
13  16.7  22.7   2:30p  13.4   7:40a   2.3   0.7   0.0   0.0   0.0     ---   ---
14  20.1  29.7   3:20p  15.2   6:10a   0.9   2.7   0.0   0.0   0.0     ---   ---
15  17.9  24.0   4:10p  14.1   5:00a   1.6   1.2   0.0   0.0   0.0     ---   ---
16  18.6  26.2   2:30p  14.4  12:30a   1.3   1.7   0.0   0.0   0.0     ---   ---
17  18.7  22.2   1:40p  15.0   4:00a   0.9   1.3   0.0   0.0   0.0     ---   ---
18  18.2  24.9   3:10p  12.4   2:20a   1.8   1.7  15.5   1.8 252.7   8:20p     S
19  20.1  25.9   3:30p  16.1   3:50a   0.6   2.3   0.0   0.0   0.0     ---   ---
20  20.0  27.6   2:20p  13.6   7:10a   1.3   2.9   0.0   0.0   0.0     ---   ---
21  20.6  28.7   3:00p  14.9   7:20a   0.8   3.1   0.0   0.0   0.0     ---   ---
22  18.6  21.9  11:20a  14.9  12:00m   0.7   0.9   0.3   0.0   0.0     ---   ---
23  18.3  24.8   3:10p  12.6   7:20a   1.9   1.9   0.3   0.0   0.0     ---   ---
24  20.1  27.7   1:50p  15.8   7:30a   0.6   2.3   0.5   0.0   0.0     ---   ---
25  16.5  19.2   2:50p  12.2  11:20p   1.9   0.1   2.3   0.0   0.0     ---   ---
26  14.0  22.8   3:30p   8.1   7:30a   4.9   0.6   0.0   0.0   0.0     ---   ---
27  14.2  24.1   3:40p   5.7   6:40a   5.2   1.1   0.0   0.0   0.0     ---   ---
28  17.1  26.8   4:00p   9.7   5:40a   3.2   1.8   0.0   0.0   0.0     ---   ---
29  17.1  23.2   4:10p  13.5   5:10a   2.1   0.8  29.7   0.0   0.0     ---   ---
30  12.1  15.1   2:00p   7.1  11:40p   6.2   0.0  10.7   0.0   0.0     ---   ---
31   9.7  17.1   2:40p   4.8   6:10a   8.6   0.0   0.0   0.0   0.0     ---   ---
-------------------------------------------------------------------------------------
    18.6  35.0     4     4.8    31    61.6  71.6  70.9   0.1 252.7    18       S

Max >=  32.0:  2
Max <=   0.0:  0
Min <=   0.0:  0
Min <= -18.0:  0
Max Rain: 29.72 ON 29/03/19
Days of Rain: 10 (> .2 mm) 5 (> 2 mm) 1 (> 20 mm)
Heat Base:  18.3  Cool Base:  18.3  Method: Integration