MONTHLY CLIMATOLOGICAL SUMMARY for JAN. 2018

NAME: Wallaroo   CITY:    STATE:  
ELEV:   602 m  LAT:  35 10' 14" S  LONG: 149 01' 10" E

                   TEMPERATURE (C), RAIN  (mm), WIND SPEED (km/hr)

                                      HEAT  COOL        AVG
    MEAN                              DEG   DEG         WIND                 DOM
DAY TEMP  HIGH   TIME   LOW    TIME   DAYS  DAYS  RAIN  SPEED HIGH   TIME    DIR
------------------------------------------------------------------------------------
 1  21.7  30.8   5:30p  12.3   6:00a   1.3   4.7   0.0   0.2  16.1   9:20p    NE
 2  22.4  31.7   4:30p  15.2   6:10a   0.8   4.9   0.0   0.6  27.4  10:30p     S
 3  20.0  28.7   3:10p  15.2  10:00p   1.0   2.7   0.0   0.6  29.0   6:00p   ESE
 4  20.7  29.7   4:30p  13.2   6:20a   1.4   3.8   0.0   0.2  16.1  12:10a   NNE
 5  23.9  34.9   3:30p  13.3   5:40a   0.9   6.5   0.0   0.0  16.1   1:20p    NE
 6  27.1  38.2   5:00p  15.3   6:10a   0.3   9.1   0.0   0.2  16.1   3:50p    SE
 7  28.4  40.1   2:50p  17.7   6:20a   0.1  10.1   0.0   1.0  29.0  10:30p     S
 8  26.3  32.4   1:40p  21.1  12:00m   0.0   7.9   0.0   0.0  12.9   2:40a     S
 9  22.0  32.2   2:40p  16.7  12:00m   0.1   3.7   6.6   0.5  20.9   1:50a     N
10  19.6  26.4   5:20p  15.6   5:40a   1.1   2.3   0.0   0.6  19.3  11:40a   ESE
11  21.7  30.8   3:50p  15.1   3:20a   1.0   4.3   0.0   0.2  17.7   6:40a     S
12  24.0  35.0   4:50p  17.8   5:00a   0.1   5.7   1.5   0.3  32.2   8:10p    NE
13  20.3  24.9   3:30p  13.7  12:00m   0.4   2.3   4.3   0.3  17.7   1:00p   WSW
14  14.7  20.0   3:40p   7.8   6:10a   3.8   0.1   5.1   6.9  46.7  10:20a   SSE
15  17.1  25.7   3:40p   7.9   6:00a   3.2   2.0   0.0   5.5  38.6   6:50p   SSE
16  17.9  24.9   4:20p  11.9   6:20a   2.1   1.8   0.0   8.7  38.6   9:50a   SSE
17  19.5  29.8   5:20p   9.4   6:20a   2.5   3.7   0.0   0.8  20.9  10:00a     S
18  22.5  33.4   3:50p  10.3   6:00a   2.0   6.1   0.0   0.2  16.1   4:50p    NE
19  26.1  37.8   4:40p  13.4   6:20a   0.8   8.5   0.0   0.6  25.7   7:40p     S
20  27.7  39.1   3:10p  14.8   6:30a   0.4   9.7   0.0   0.8  27.4   3:00p     S
21  27.8  39.6   3:30p  15.6   6:30a   0.3   9.8   0.0   0.0  11.3  11:00a     S
22  26.1  34.5   2:00p  16.9   6:00a   0.1   7.8   0.0   0.0  16.1   8:20p     S
23  27.5  37.8   3:50p  20.4   4:10a   0.0   9.2   0.5   0.8  38.6   9:20p    NW
24  21.4  25.1   2:40p  18.9   3:10a   0.0   3.1   1.5   0.2  20.9   1:40a     S
25  23.9  32.8   5:00p  18.6   3:00a   0.0   5.6   0.8   0.8  33.8   2:00p    NE
26  24.5  35.6   3:10p  16.8   6:10a   0.2   6.3   0.0   0.8  30.6   3:40p     S
27  23.7  29.6   3:10p  19.4   6:00a   0.0   5.3   0.0   0.2  27.4   8:30p   SSE
28  24.2  31.9   1:30p  20.0  11:40p   0.0   5.9   3.0   0.2  17.7   3:40p   SSE
29  24.9  33.9   4:20p  16.7   6:20a   0.2   6.7   0.0   0.0  16.1  10:00p     S
30  22.7  33.9   2:20p  13.6  11:50p   0.7   5.0   5.6   0.8  29.0   9:40p   SSW
31  16.8  24.0   4:50p  12.8  12:00m   2.6   1.1   0.0   5.3  33.8  11:40p     S
-------------------------------------------------------------------------------------
    22.8  40.1     7     7.8    14    27.1 165.6  29.0   1.2  46.7    14       S

Max >=  32.0: 16
Max <=   0.0:  0
Min <=   0.0:  0
Min <= -18.0:  0
Max Rain: 6.60 ON 09/01/18
Days of Rain: 9 (> .2 mm) 5 (> 2 mm) 0 (> 20 mm)
Heat Base:  18.3  Cool Base:  18.3  Method: Integration