MONTHLY CLIMATOLOGICAL SUMMARY for MAY. 2019

NAME: Wallaroo   CITY:    STATE:  
ELEV:   602 m  LAT:  35 10' 14" S  LONG: 149 01' 10" E

                   TEMPERATURE (C), RAIN  (mm), WIND SPEED (km/hr)

                                      HEAT  COOL        AVG
    MEAN                              DEG   DEG         WIND                 DOM
DAY TEMP  HIGH   TIME   LOW    TIME   DAYS  DAYS  RAIN  SPEED HIGH   TIME    DIR
------------------------------------------------------------------------------------
 1  14.0  19.4   3:30p   8.6   5:20a   4.4   0.1   0.0   0.8 104.6  11:50a     S
 2  17.4  24.2  12:50p  12.0   6:30a   2.2   1.4   0.8   0.0   0.0     ---   ---
 3  15.2  17.8   3:00p  10.9  10:40p   3.2   0.0  22.1   0.0   0.0     ---   ---
 4  11.4  18.7   1:00p   7.5   7:30a   6.9   0.0   0.3   0.0   0.0     ---   ---
 5  10.2  16.4   1:30p   4.9   7:00a   8.1   0.0   0.3   0.0   0.0     ---   ---
 6   9.6  16.3   2:40p   3.7   6:30a   8.7   0.0   0.0   0.0   0.0     ---   ---
 7   8.1  15.4   2:20p   2.1   6:20a  10.2   0.0   0.3   0.0  11.3  11:50a    NW
 8   8.7  12.7  12:30p   6.6  12:00m   9.7   0.0   2.8   0.0   0.0     ---   ---
 9   8.7  14.6   2:30p   5.1   7:00a   9.7   0.0   0.3   0.0   0.0     ---   ---
10   6.7  10.1  10:50a   4.7   8:10a  11.5   0.0  16.8   0.0   0.0     ---   ---
11   8.8  16.9  12:50p   5.2   3:30a   9.6   0.0   1.5   0.0   0.0     ---   ---
12   6.7  13.7   2:40p   2.2   5:40a  11.7   0.0   0.3   0.0   0.0     ---   ---
13   8.6  15.8   2:40p   2.8   1:00a   9.6   0.0   0.3   0.0   0.0     ---   ---
14   8.8  17.5   1:50p   2.2   7:10a   9.4   0.0   0.0   0.0   0.0     ---   ---
15   7.5  17.7   2:00p   0.9   5:30a  10.8   0.0   0.0   0.0   9.7   9:00a    SW
16  10.3  19.7   2:40p   4.1  12:10a   8.1   0.1   0.0   0.0   0.0     ---   ---
17   9.5  18.7   2:40p   2.8   7:20a   8.8   0.0   0.0   0.0   0.0     ---   ---
18   9.4  19.3   2:00p   3.0   7:00a   8.9   0.1   0.3   0.0   4.8  10:00a   WSW
19  11.2  20.1   2:00p   5.7   7:30a   7.2   0.1   0.0   0.0  11.3   9:10a    SW
20  11.4  19.4   2:40p   6.1   7:10a   6.8   0.0   0.0   0.0   0.0     ---   ---
21  13.6  19.7   1:20p  10.1   2:50a   4.7   0.1   0.0   0.0   0.0     ---   ---
22  11.7  20.3   2:20p   5.9   7:00a   6.6   0.1   0.0   0.0   0.0     ---   ---
23  11.7  19.8   2:30p   6.4  12:00m   6.7   0.1   0.0   0.0   0.0     ---   ---
24   8.5  15.5   2:20p   1.2   7:00a   9.2   0.0   0.0   0.0   0.0     ---   ---
25  11.7  19.8   1:50p   4.1   6:50a   6.6   0.1   1.0   0.0   0.0     ---   ---
26   9.9  14.7   1:40p   6.2   7:00p   8.4   0.0   5.1   0.0   0.0     ---   ---
27   6.4   8.9  12:50p   4.6  10:00a  11.7   0.0   2.0   0.2  12.9  12:50p     W
28   6.3   9.7  12:50p   3.7   7:00a  11.7   0.0   2.0   0.0  11.3  11:50a     W
29   6.5   9.2   2:40p   2.7  10:00p  11.8   0.0   2.5   0.0  16.1   9:10a    NW
30   4.4  11.3   2:30p   1.1   7:10a  13.6   0.0   0.3   0.0  12.9  10:40a    NW
31   5.8  11.4   1:30p   2.2  12:00m  12.2   0.0   0.3   0.0   9.7  12:10p   NNW
-------------------------------------------------------------------------------------
     9.6  24.2     2     0.9    15   268.8   1.9  58.9   0.0 104.6     1     NNW

Max >=  32.0:  0
Max <=   0.0:  0
Min <=   0.0:  0
Min <= -18.0:  0
Max Rain: 22.10 ON 03/05/19
Days of Rain: 19 (> .2 mm) 7 (> 2 mm) 1 (> 20 mm)
Heat Base:  18.3  Cool Base:  18.3  Method: Integration