MONTHLY CLIMATOLOGICAL SUMMARY for AUG. 2018

NAME: Wallaroo   CITY:    STATE:  
ELEV:   602 m  LAT:  35 10' 14" S  LONG: 149 01' 10" E

                   TEMPERATURE (C), RAIN  (mm), WIND SPEED (km/hr)

                                      HEAT  COOL        AVG
    MEAN                              DEG   DEG         WIND                 DOM
DAY TEMP  HIGH   TIME   LOW    TIME   DAYS  DAYS  RAIN  SPEED HIGH   TIME    DIR
------------------------------------------------------------------------------------
 1   9.1  15.9   2:10p   1.7  12:00m   9.3   0.0   0.0   0.0  12.9   3:50a     W
 2   5.1  14.7   2:20p  -0.7   5:50a  13.3   0.0   0.0   0.0   9.7   1:50p     N
 3   7.2  18.6   2:10p  -1.9   7:20a  11.2   0.0  11.4   0.6  25.7   4:30p   NNW
 4   7.3  12.0   2:10p   4.6   6:50a  11.0   0.0   0.5   0.0  11.3  12:20a     W
 5   7.6  15.2   2:30p   0.6   6:00a  10.8   0.0   0.3   0.0  11.3  12:00p    NW
 6   7.4  13.2   1:20p   3.3   2:20a  10.9   0.0   2.3   0.3  19.3   7:10a   WNW
 7   5.5   9.2   2:00p   2.8   7:30a  10.8   0.0   5.1   0.2  16.1   6:50a   WNW
 8   6.5  11.6  12:30p   2.2   7:10a  11.8   0.0   0.0   0.0  12.9   2:10p   WNW
 9   7.2  13.4   2:00p   2.8  12:00m  11.2   0.0   0.0   0.0  11.3   2:10a   NNE
10   6.6  14.7   3:10p  -1.0   5:50a  11.7   0.0   0.3   0.2  12.9   2:00p   NNW
11   8.9  16.0  11:20a   4.4   8:20p   9.2   0.0   1.3   0.3  17.7  10:10a    NW
12   5.6  11.3   1:40p   2.1   6:30a  12.3   0.0   1.3   0.0  11.3  10:20a     W
13   7.5  13.4  11:40a   3.1   1:20a  10.2   0.0   0.0   0.3  16.1   9:00a   WNW
14   9.7  15.7   1:30p   4.8   7:10a   5.5   0.0   0.0   0.5  17.7  12:20p    NW
15   9.8  15.0  11:50a   5.3   6:40a   8.1   0.0   0.0   0.5  16.1   9:30a    NW
16   8.4  14.5   1:30p   2.2  11:40p   9.9   0.0   0.0   0.0  12.9   8:20a    NW
17   5.2  12.3   1:20p  -2.4   7:10a  13.2   0.0   0.0   0.0  25.7   1:00p     W
18   5.6  10.7  10:40a   2.8   5:00a  12.8   0.0   2.5   0.2  16.1  11:00a   WNW
19   4.7   9.1  11:40a   1.7  12:00m  13.7   0.0   0.0   0.2  19.3   2:30p     W
20   4.6  11.5   2:50p  -1.6   6:00a  13.8   0.0   0.0   0.2  12.9   2:20p    NW
21   6.7  11.3  11:20a   3.8  12:50a  11.7   0.0   0.0   0.0  12.9  11:20a     W
22   7.5  14.4   2:40p   2.9  12:00m  10.8   0.0   0.0   0.0   9.7   1:20a   WNW
23   6.9  11.6   2:10p   1.2   2:00a  11.4   0.0   0.0   0.0  12.9  10:20p    SE
24   9.0  14.7   1:50p   4.8   7:10a   9.3   0.0   0.0   0.2  16.1   7:50p     S
25  10.5  15.6   2:50p   7.8  12:50a   7.5   0.0   0.0   0.2  22.5   3:50p     S
26   9.8  16.8   1:20p   5.7  11:50p   8.4   0.0   0.3   0.0  11.3   2:40p   NNE
27   7.3  13.9   1:20p   2.2   7:00a  10.8   0.0   0.3   1.8  20.9  10:20a   SSE
28   5.1  12.7   2:40p   0.2   6:40a  12.5   0.0   0.0   0.6  19.3   9:00a   SSE
29   4.6  12.9   3:00p  -2.9   6:50a  13.8   0.0   0.0   0.2  17.7   9:10a   NNE
30   5.8  14.1   1:30p  -2.9   6:10a  12.5   0.0   0.0   0.0   4.8   1:50p   NNE
31   6.6   8.3   9:00p   4.4   6:20a  11.7   0.0   9.9   0.5  16.1  11:20a    NW
-------------------------------------------------------------------------------------
     7.1  18.6     3    -2.9    29   340.9   0.0  35.3   0.2  25.7     3     WNW

Max >=  32.0:  0
Max <=   0.0:  0
Min <=   0.0:  7
Min <= -18.0:  0
Max Rain: 11.43 ON 03/08/18
Days of Rain: 12 (> .2 mm) 5 (> 2 mm) 0 (> 20 mm)
Heat Base:  18.3  Cool Base:  18.3  Method: Integration