MONTHLY CLIMATOLOGICAL SUMMARY for AUG. 2020

NAME: Wallaroo   CITY:    STATE:  
ELEV:   637 m  LAT:  35 10' 02" S  LONG: 149 08' 57" E

                   TEMPERATURE (C), RAIN  (mm), WIND SPEED (km/hr)

                                      HEAT  COOL        AVG
    MEAN                              DEG   DEG         WIND                 DOM
DAY TEMP  HIGH   TIME   LOW    TIME   DAYS  DAYS  RAIN  SPEED HIGH   TIME    DIR
------------------------------------------------------------------------------------
 1   4.9  13.8   2:50p   0.1   3:00a  13.4   0.0   0.3   0.0   0.0     ---   ---
 2   4.6  12.8   3:00p  -0.2   2:30a  13.8   0.0   0.3   0.0   0.0     ---   ---
 3   5.6  14.6   2:30p  -0.8   6:00a  12.8   0.0   0.0   0.0   0.0     ---   ---
 4   5.2  10.8  11:00a   0.2  11:20p  13.1   0.0   0.3   0.0   0.0     ---   ---
 5   4.2   8.7   2:00p   0.3  12:10a  14.1   0.0   0.0   0.0   0.0     ---   ---
 6   4.1  10.3   3:20p  -2.9   7:40a  14.3   0.0   0.0   0.0   0.0     ---   ---
 7   6.1   7.9  11:50p   3.1   4:50a  12.3   0.0  15.0   0.0   0.0     ---   ---
 8   8.4   9.9  11:00a   7.4  10:00p   9.9   0.0  41.4   0.0   0.0     ---   ---
 9   8.2  10.7   2:50p   6.8   5:50a  10.1   0.0  26.4   0.0   0.0     ---   ---
10   7.9  12.3   2:00p   1.4  12:00m  10.4   0.0   0.5   0.0   0.0     ---   ---
11   3.9  11.5   2:10p  -2.1   7:10a  14.4   0.0   0.0   0.0   0.0     ---   ---
12   6.9  12.7   1:00p   0.8   4:10a  11.4   0.0   2.0   0.0   0.0     ---   ---
13  10.4  17.9   1:10p   5.4   6:10a   7.9   0.0   0.5   0.0   0.0     ---   ---
14   9.2  15.7   2:40p   3.6   5:50a   9.2   0.0   8.1   0.0   0.0     ---   ---
15   9.2  11.0  12:40p   7.7   7:40a   9.1   0.0   4.1   0.0   0.0     ---   ---
16   9.4  12.7  11:40a   7.2   7:20a   8.9   0.0   0.3   0.0   0.0     ---   ---
17   8.8  13.1   1:40p   6.4   7:30a   9.6   0.0   0.0   0.0   0.0     ---   ---
18   8.9  13.2   2:20p   5.7   3:10a   9.4   0.0   6.1   0.0   0.0     ---   ---
19   6.9  11.8  10:10a   4.7   5:50a  11.4   0.0  16.0   0.0   0.0     ---   ---
20   6.8  10.1   3:10p   5.2   6:10a  11.6   0.0   1.3   0.0   0.0     ---   ---
21   6.2   9.9  12:20p   3.4  12:00m  12.2   0.0  12.4   0.0   0.0     ---   ---
22   3.9   6.6  12:10p   2.4   6:50a  14.4   0.0   3.6   0.0   0.0     ---   ---
23   5.4   9.8  12:40p   1.8   6:40a  12.9   0.0   0.0   0.0   0.0     ---   ---
24   5.0  10.9  11:50a  -0.2  12:00m  13.3   0.0   0.0   0.0   0.0     ---   ---
25   4.2  13.2   1:10p  -2.4   7:00a  14.2   0.0   0.0   0.0   0.0     ---   ---
26   4.8  13.7   2:20p  -2.7   6:40a  13.5   0.0   0.3   0.0   0.0     ---   ---
27   6.3  15.2   2:30p  -2.4   7:00a  12.0   0.0   0.3   0.0   0.0     ---   ---
28   8.0  13.9   1:10p   2.1  12:00m  10.3   0.0   0.0   0.0   0.0     ---   ---
29   7.7  19.4   2:00p  -1.0   6:30a  10.7   0.1   0.0   0.0   0.0     ---   ---
30   9.7  18.2   2:20p   0.3   6:40a   8.6   0.0   0.0   0.0   0.0     ---   ---
31   9.8  15.1   1:00p   5.9   9:30p   8.6   0.0   0.0   0.0   0.0     ---   ---
-------------------------------------------------------------------------------------
     6.8  19.4    29    -2.9     6   357.6   0.1 138.9   0.0   0.0     ---   ---

Max >=  32.0:  0
Max <=   0.0:  0
Min <=   0.0:  9
Min <= -18.0:  0
Max Rain: 41.40 ON 08/08/20
Days of Rain: 19 (> .2 mm) 10 (> 2 mm) 2 (> 20 mm)
Heat Base:  18.3  Cool Base:  18.3  Method: Integration