MONTHLY CLIMATOLOGICAL SUMMARY for OCT. 2020

NAME: Wallaroo   CITY:    STATE:  
ELEV:   637 m  LAT:  35 10' 02" S  LONG: 149 08' 57" E

                   TEMPERATURE (C), RAIN  (mm), WIND SPEED (km/hr)

                                      HEAT  COOL        AVG
    MEAN                              DEG   DEG         WIND                 DOM
DAY TEMP  HIGH   TIME   LOW    TIME   DAYS  DAYS  RAIN  SPEED HIGH   TIME    DIR
------------------------------------------------------------------------------------
 1  12.2  16.7  12:20p   5.7  12:00m   6.1   0.0   4.1   0.0   0.0     ---   ---
 2  12.8  22.8   2:30p   3.3   6:10a   6.3   0.8   0.0   0.0   0.0     ---   ---
 3  15.0  25.4   2:50p   4.8   5:40a   5.3   2.1   0.0   0.0   0.0     ---   ---
 4  17.7  27.1   1:30p   7.2   5:30a   3.4   2.8   0.0   0.0   0.0     ---   ---
 5  18.4  24.9  12:10p   9.9   5:40a   2.2   2.2   3.6   0.0   0.0     ---   ---
 6  13.7  17.8   4:10p  11.1   6:40a   4.6   0.0  13.0   0.0   0.0     ---   ---
 7  14.6  16.9   3:20p  12.9   1:40a   3.7   0.0   6.6   0.0   0.0     ---   ---
 8  14.2  18.5   2:20p   9.8  10:10p   4.2   0.0   8.9   0.0   0.0     ---   ---
 9  11.1  14.7  12:00p   7.7  11:30p   7.2   0.0   0.3   0.0   0.0     ---   ---
10  11.8  18.7  12:40p   4.7   4:40a   6.6   0.0   0.0   0.0   0.0     ---   ---
11  13.8  21.9   4:10p   5.3   3:30a   5.0   0.8   0.0   0.0   0.0     ---   ---
12  16.3  24.0   3:20p  10.3  12:00m   3.4   1.3   0.0   0.0   0.0     ---   ---
13  16.0  27.0   2:40p   6.9   6:20a   4.4   2.1   0.0   0.0   0.0     ---   ---
14  15.6  23.5   5:40p  11.5   5:50a   3.6   0.8   0.0   0.0   0.0     ---   ---
15  18.3  26.3   4:00p   9.3   6:30a   2.4   2.3   0.0   0.0   0.0     ---   ---
16  16.6  24.0   1:00p  10.3  10:30p   2.8   1.0   5.6   0.0   0.0     ---   ---
17  14.8  22.7   1:40p  10.3  12:40a   4.1   0.6   4.8   0.0   0.0     ---   ---
18  15.8  21.4   1:30p  11.0  12:00m   3.1   0.6   1.3   0.0   0.0     ---   ---
19  14.8  22.3   3:40p   9.1   3:20a   4.3   0.7   0.0   0.0   0.0     ---   ---
20  15.5  22.7   4:10p  10.9   5:10a   3.7   0.9   0.0   0.0   0.0     ---   ---
21  16.7  24.5   2:50p   8.6   6:20a   3.3   1.7   0.0   0.0   0.0     ---   ---
22  18.3  26.1   5:10p   9.7   6:20a   2.4   2.3   0.0   0.0   0.0     ---   ---
23  19.4  29.2   4:20p  10.9   6:00a   2.3   3.3   7.6   0.0   0.0     ---   ---
24  16.6  20.7   2:30p  10.5  12:00m   1.9   0.2  17.0   0.0   0.0     ---   ---
25   9.6  13.0   3:10p   6.5   8:00a   8.7   0.0  11.9   0.0   0.0     ---   ---
26   9.3  13.2   3:40p   7.2  11:20a   9.1   0.0  13.5   0.0   0.0     ---   ---
27  11.5  15.9   2:10p   7.9   5:20a   6.8   0.0   0.3   0.0   0.0     ---   ---
28  13.6  20.8   2:40p   7.7   3:00a   5.0   0.3   3.0   0.0   0.0     ---   ---
29  13.6  21.9   1:30p   7.9   6:10a   5.0   0.3   9.7   0.0   0.0     ---   ---
30  14.8  22.3   3:10p  10.0   4:00a   4.0   0.6   1.5   0.0   0.0     ---   ---
31  12.4  13.9   8:30a  10.8  12:40p   5.9   0.0  26.2   0.0   0.0     ---   ---
-------------------------------------------------------------------------------------
    14.7  29.2    23     3.3     2   141.0  27.8 138.7   0.0   0.0     ---   ---

Max >=  32.0:  0
Max <=   0.0:  0
Min <=   0.0:  0
Min <= -18.0:  0
Max Rain: 26.16 ON 31/10/20
Days of Rain: 18 (> .2 mm) 14 (> 2 mm) 1 (> 20 mm)
Heat Base:  18.3  Cool Base:  18.3  Method: Integration