MONTHLY CLIMATOLOGICAL SUMMARY for AUG. 2021

NAME: Wallaroo   CITY:    STATE:  
ELEV:   637 m  LAT:  35 10' 02" S  LONG: 149 08' 57" E

                   TEMPERATURE (C), RAIN  (mm), WIND SPEED (km/hr)

                                      HEAT  COOL        AVG
    MEAN                              DEG   DEG         WIND                 DOM
DAY TEMP  HIGH   TIME   LOW    TIME   DAYS  DAYS  RAIN  SPEED HIGH   TIME    DIR
------------------------------------------------------------------------------------
 1   8.1  13.0  12:10p   1.0  12:00m   9.9   0.0   0.5   0.0   0.0     ---   ---
 2   6.4  15.0   2:10p  -0.2   1:30a  11.9   0.0   0.3   0.0   0.0     ---   ---
 3   7.3  10.4   1:40p   5.1  10:40p  11.1   0.0   8.9   0.0   0.0     ---   ---
 4   6.3   9.1   1:50p   3.4   7:00a  11.4   0.0   0.3   0.0   0.0     ---   ---
 5   8.7  12.3  12:40p   5.8   7:20a   7.7   0.0   0.0   0.0   0.0     ---   ---
 6   9.5  15.2  12:20p   3.6   7:30a   6.1   0.0   0.0   0.0   0.0     ---   ---
 7   5.6  13.2   1:20p  -1.4   7:30a  10.8   0.0   0.3   0.0   0.0     ---   ---
 8   8.4  11.2   1:40p   2.0   8:20a   6.6   0.0   0.0   0.0   0.0     ---   ---
 9   8.3  15.9   1:30p   1.9   6:40a  10.1   0.0   0.0   0.0   0.0     ---   ---
10   8.6  15.8   1:40p   2.3   5:50a   9.7   0.0   0.3   0.0   0.0     ---   ---
11  11.2  17.8  12:50p   4.4   7:00a   7.1   0.0   5.1   0.0   0.0     ---   ---
12   8.2  14.2   2:20p   1.2  12:00m  10.1   0.0   0.8   0.0   0.0     ---   ---
13   5.8  15.2   2:50p  -1.2   4:00a  12.5   0.0   0.0   0.0   0.0     ---   ---
14   5.6  15.3   1:00p  -2.1   6:50a  12.7   0.0   0.3   0.0   0.0     ---   ---
15   6.7  15.1   1:00p  -1.9   6:50a  11.6   0.0   0.3   0.0   0.0     ---   ---
16   7.2  11.6  12:10p   3.7   5:30a  10.0   0.0   0.0   0.0   0.0     ---   ---
17   6.4  13.7   1:40p   0.1   7:00a  11.9   0.0   0.0   0.0   0.0     ---   ---
18   5.4  14.7   2:20p  -2.3   7:10a  12.9   0.0   0.3   0.0   0.0     ---   ---
19   6.3  15.6   1:30p  -1.4   6:30a  12.1   0.0   0.0   0.0   0.0     ---   ---
20   8.7  16.4   1:50p   0.7   7:00a   9.7   0.0   0.3   0.0   0.0     ---   ---
21  11.1  17.1   1:20p   5.4   1:40a   7.2   0.0   0.0   0.0   0.0     ---   ---
22  11.3  20.0   2:30p   2.4   7:00a   7.2   0.2   0.0   0.0   0.0     ---   ---
23  12.7  20.2  12:20p   7.1   9:00p   5.8   0.2  10.4   0.0   0.0     ---   ---
24   6.3   9.1   3:00p   3.8   5:50a  12.0   0.0  10.4   0.0   0.0     ---   ---
25   8.2  12.7   2:30p   3.9   1:10a  10.1   0.0   1.8   0.0   0.0     ---   ---
26   7.2  14.1   1:30p  -1.0   6:30a  10.8   0.0   0.0   0.0   0.0     ---   ---
27   8.7  13.0  12:00p   6.3   6:40a   9.6   0.0   0.0   0.0   0.0     ---   ---
28   8.4  13.6   1:00p   3.3  12:00m   9.9   0.0   0.3   0.0   0.0     ---   ---
29   5.7  10.3  12:40p   1.3   2:30a  12.6   0.0   5.8   0.0   0.0     ---   ---
30   6.5  13.6   1:30p   0.4   5:40a  11.8   0.0   0.3   0.0   0.0     ---   ---
31   8.2  17.1   1:00p   0.3   6:30a  10.2   0.0   0.0   0.0   0.0     ---   ---
-------------------------------------------------------------------------------------
     7.8  20.2    23    -2.3    18   313.2   0.3  46.2   0.0   0.0     ---   ---

Max >=  32.0:  0
Max <=   0.0:  0
Min <=   0.0:  8
Min <= -18.0:  0
Max Rain: 10.41 ON 23/08/21
Days of Rain: 18 (> .2 mm) 5 (> 2 mm) 0 (> 20 mm)
Heat Base:  18.3  Cool Base:  18.3  Method: Integration