MONTHLY CLIMATOLOGICAL SUMMARY for JAN. 2019

NAME: Wallaroo   CITY:    STATE:  
ELEV:   602 m  LAT:  35 10' 14" S  LONG: 149 01' 10" E

                   TEMPERATURE (C), RAIN  (mm), WIND SPEED (km/hr)

                                      HEAT  COOL        AVG
    MEAN                              DEG   DEG         WIND                 DOM
DAY TEMP  HIGH   TIME   LOW    TIME   DAYS  DAYS  RAIN  SPEED HIGH   TIME    DIR
------------------------------------------------------------------------------------
 1  26.6  36.7   4:00p  15.6   5:50a   0.3   8.6   0.0   0.0  16.1   4:40p   NNW
 2  26.5  37.3   2:00p  18.7   5:50a   0.0   8.2   0.0   0.3  29.0   3:10p   NNE
 3  26.5  35.7   5:50p  18.2   6:40a   0.0   8.2   0.0   0.2  16.1   3:30p   NNE
 4  29.7  40.1   3:30p  18.7   6:00a   0.0  11.4   0.0   0.0  11.3   2:20p   WNW
 5  26.7  37.9   2:00p  15.1  11:50p   0.3   8.7   0.8   0.5  19.3  10:30a     W
 6  18.8  26.2   4:30p  13.9   5:50a   1.6   2.0   0.0   0.0   0.0     ---   ---
 7  19.1  25.8   3:40p  14.7   1:50a   1.2   1.9   0.0   0.0   0.0     ---   ---
 8  21.2  31.9   2:40p  17.7   3:20a   0.1   3.0  10.7   0.0   0.0     ---   ---
 9  22.4  32.3   4:40p  15.4   5:30a   0.7   4.7   0.3   0.0   0.0     ---   ---
10  21.1  30.7   4:50p  16.2   4:00a   0.6   3.3   0.0   0.0   0.0     ---   ---
11  20.7  30.3   1:20p  17.7  12:00m   0.1   2.5   2.8   0.0   0.0     ---   ---
12  25.0  35.7   4:00p  15.2   6:30a   0.7   7.3   0.0   0.0   0.0     ---   ---
13  23.2  30.6   3:00p  17.5   6:50a   0.0   4.9   0.0   0.0   0.0     ---   ---
14  26.9  38.1   5:10p  18.5  12:40a   0.0   8.6   0.0   0.0   0.0     ---   ---
15  30.3  42.4   3:10p  19.7   6:20a   0.0   9.8   0.0   0.0   0.0     ---   ---
16  31.3  43.0   4:10p  21.9   4:50a   0.0  11.4   0.0   0.2  20.9   9:30p     S
17  29.6  42.4   2:50p  19.7   6:20a   0.0  10.3   7.6   0.0   0.0     ---   ---
18  27.1  40.3   3:30p  21.1   6:30a   0.0  13.5   1.0   0.0   0.0     ---   ---
19  26.1  38.4   3:30p  17.7  11:00p   0.1   7.8   0.3   0.0   0.0     ---   ---
20  23.4  34.9   3:40p  17.3   6:10a   0.2   5.3   0.0   0.0   0.0     ---   ---
21  26.0  35.7   4:20p  18.4   1:00a   0.0   7.7   0.0   0.0   0.0     ---   ---
22  28.0  39.9   4:10p  18.1   6:20a   0.0   9.7   1.3   0.0   0.0     ---   ---
23  25.3  37.5   1:20p  18.7  11:50p   0.0   6.9  17.0   0.0   0.0     ---   ---
24  23.3  34.2   5:20p  17.1   5:00a   0.2   5.1   0.0   0.0   0.0     ---   ---
25  28.5  40.1   4:50p  17.8   6:30a   0.1  10.2   0.0   0.0   0.0     ---   ---
26  31.8  42.1   2:50p  20.9  12:00m   0.0  13.5   5.8   0.0   0.0     ---   ---
27  24.2  30.7   2:40p  20.1   4:20a   0.0   5.9   1.8   0.0   0.0     ---   ---
28  21.3  24.9   1:40p  19.0  11:50p   0.0   2.9   1.3   0.0   0.0     ---   ---
29  26.5  36.2   5:40p  18.3   6:20a   0.0   8.0   5.3   0.0   0.0     ---   ---
30  28.4  36.8   3:10p  19.0   6:40a   0.0   7.0   1.0   0.0   0.0     ---   ---
31  27.1  36.3   1:50p  16.1  12:00m   0.2   9.0   0.0   0.0   0.0     ---   ---
-------------------------------------------------------------------------------------
    25.6  43.0    16    13.9     6     6.2 227.3  56.9   0.0  29.0     2     NNE

Max >=  32.0: 23
Max <=   0.0:  0
Min <=   0.0:  0
Min <= -18.0:  0
Max Rain: 17.02 ON 23/01/19
Days of Rain: 14 (> .2 mm) 6 (> 2 mm) 0 (> 20 mm)
Heat Base:  18.3  Cool Base:  18.3  Method: Integration