MONTHLY CLIMATOLOGICAL SUMMARY for DEC. 2019

NAME: Wallaroo   CITY:    STATE:  
ELEV:   602 m  LAT:  35 10' 14" S  LONG: 149 01' 10" E

                   TEMPERATURE (C), RAIN  (mm), WIND SPEED (km/hr)

                                      HEAT  COOL        AVG
    MEAN                              DEG   DEG         WIND                 DOM
DAY TEMP  HIGH   TIME   LOW    TIME   DAYS  DAYS  RAIN  SPEED HIGH   TIME    DIR
------------------------------------------------------------------------------------
 1  12.6  24.8   1:30p   4.4   4:30a   6.3   0.7   0.0   0.0   8.0   5:30p     W
 2  10.6  15.3   5:10p   7.3   1:50a   7.7   0.0   0.5   2.3  20.9   3:00p   WSW
 3  15.2  22.9   1:50p   7.7   5:10a   4.1   0.9   0.0   1.3  17.7  12:10p   WSW
 4  18.5  26.3   1:40p  10.8   5:30a   2.2   2.3   0.0   0.6  17.7   9:30a     W
 5  21.1  30.1   1:10p  10.6   5:50a   1.8   4.6   0.0   0.0   0.0     ---   ---
 6  22.3  30.7   1:50p  14.2  12:00m   0.7   4.6   0.0   0.0   0.0     ---   ---
 7  20.6  32.6   1:50p   9.8   5:20a   1.9   4.0   0.0   0.0   0.0     ---   ---
 8  19.8  31.3   3:10p  11.8   4:30a   1.7   2.9   0.0   0.0   0.0     ---   ---
 9  24.8  36.7   3:30p  16.4   5:20a   0.4   6.9   0.0   0.0   0.0     ---   ---
10  26.6  41.3  12:50p  14.6   5:30a   0.7   8.8   0.0   0.0   0.0     ---   ---
11  20.6  34.8   3:20p  11.7   5:20a   2.3   4.6   0.0   0.0   0.0     ---   ---
12  20.1  32.7   4:30p  13.0  12:10a   2.2   3.9   0.0   0.0   0.0     ---   ---
13  19.3  29.9   4:40p  12.9   6:10a   2.1   3.0   0.0   0.0   0.0     ---   ---
14  20.5  33.2   2:40p  10.0   6:00a   2.3   4.5   0.0   0.0   0.0     ---   ---
15  21.5  32.3   4:10p  12.5   5:20a   1.5   4.7   0.0   0.0   0.0     ---   ---
16  22.7  33.8   4:20p  13.9  12:00m   0.7   5.1   0.0   0.0   0.0     ---   ---
17  21.4  33.6   3:50p  12.9   2:10a   1.7   4.7   0.0   0.0   0.0     ---   ---
18  26.4  39.1   3:00p  13.8   6:30a   0.8   8.9   0.0   0.0   0.0     ---   ---
19  27.6  40.8   5:10p  18.9  12:00m   0.0   6.5   0.0   0.0   0.0     ---   ---
20  26.1  41.3   4:50p  14.5   6:40a   0.6   8.1   0.0   0.0   0.0     ---   ---
21  32.2  43.2   1:40p  18.5  12:00m   0.0   7.7   0.0   0.0   0.0     ---   ---
22  19.6  26.8   2:30p  12.7  12:00m   1.1   2.1   0.0   0.0   0.0     ---   ---
23  20.8  33.1   4:00p  10.0   5:40a   2.6   4.9   0.0   0.0   0.0     ---   ---
24  21.7  30.1   2:40p  16.4   6:10a   0.4   3.7   0.0   0.0   0.0     ---   ---
25  25.4  33.3   4:10p  16.5  12:10a   0.2   5.5   0.0   0.0   0.0     ---   ---
26  25.8  36.4   4:30p  16.9   6:10a   0.1   7.3   0.0   0.0   0.0     ---   ---
27  27.9  38.2   3:20p  17.2   6:40a   0.0   8.5   0.0   0.0   0.0     ---   ---
28  32.4  40.4   4:30p  18.9   5:30a   0.0   9.2   0.0   0.0   0.0     ---   ---
29  29.2  38.7   3:50p  20.4   5:50a   0.0  10.1   0.0   0.0   0.0     ---   ---
30  30.6  42.2   2:50p  18.7   6:10a   0.0  12.2   0.0   0.0   0.0     ---   ---
31  29.5  39.8   2:10p  16.2  12:00m   0.2  11.3   0.3   0.0   0.0     ---   ---
-------------------------------------------------------------------------------------
    23.0  43.2    21     4.4     1    46.2 172.2   0.8   0.1  20.9     2     WSW

Max >=  32.0: 21
Max <=   0.0:  0
Min <=   0.0:  0
Min <= -18.0:  0
Max Rain: 0.51 ON 02/12/19
Days of Rain: 2 (> .2 mm) 0 (> 2 mm) 0 (> 20 mm)
Heat Base:  18.3  Cool Base:  18.3  Method: Integration