MONTHLY CLIMATOLOGICAL SUMMARY for APR. 2020

NAME: Wallaroo   CITY:    STATE:  
ELEV:   637 m  LAT:  35 10' 02" S  LONG: 149 08' 57" E

                   TEMPERATURE (C), RAIN  (mm), WIND SPEED (km/hr)

                                      HEAT  COOL        AVG
    MEAN                              DEG   DEG         WIND                 DOM
DAY TEMP  HIGH   TIME   LOW    TIME   DAYS  DAYS  RAIN  SPEED HIGH   TIME    DIR
------------------------------------------------------------------------------------
 1  18.7  27.2   1:40p  13.2   2:30a   1.8   2.2   0.3   0.0   0.0     ---   ---
 2  16.3  18.8   4:00p  14.7   2:50a   1.7   0.0  25.4   0.0   0.0     ---   ---
 3
 4   ---   ---     ---   ---     ---   0.0   0.0   0.0   0.0   0.0     ---   ---
 5  11.8  14.3   5:30p  11.4  11:20p   1.9   0.0   0.0   0.0   0.0     ---   ---
 6  13.6  19.8   3:30p  10.7   4:10a   4.8   0.1   0.0   0.0   0.0     ---   ---
 7  14.6  23.0   3:20p   7.2   6:30a   4.3   0.7   0.0   0.0   0.0     ---   ---
 8  14.5  20.6   2:40p  11.7  12:00m   4.0   0.2   0.3   0.0   0.0     ---   ---
 9  15.7  26.9   2:40p  11.0   6:30a   3.8   1.2   0.0   0.0   0.0     ---   ---
10  13.8  17.8   4:20p  11.8  10:50p   4.5   0.0  11.9   0.0   0.0     ---   ---
11  12.1  16.5   1:00p   7.1  12:00m   6.2   0.0   1.0   0.0   0.0     ---   ---
12  10.3  19.6   4:30p   1.2   7:00a   8.1   0.1   0.0   0.0   0.0     ---   ---
13  10.9  20.7  12:00p   3.8   4:30a   7.6   0.2   0.0   0.0   0.0     ---   ---
14  12.6  22.8   3:30p   4.4   6:20a   6.1   0.4   0.0   0.0   0.0     ---   ---
15  16.1  26.6   3:20p   8.1   5:50a   4.2   2.1   0.0   0.0   0.0     ---   ---
16  17.6  22.7   3:30p  12.7   1:00a   1.5   0.8   0.5   0.0   0.0     ---   ---
17  13.8  19.1   1:30p   9.4   6:20a   4.5   0.1   0.0   0.0   0.0     ---   ---
18  12.3  19.6   1:40p   6.2   7:20a   6.2   0.1   0.0   0.0   0.0     ---   ---
19  11.7  21.9   3:00p   2.8   6:20a   7.2   0.5   0.0   0.0   0.0     ---   ---
20  12.2  17.7   3:00p   8.3  12:30a   5.7   0.0   0.0   0.0   0.0     ---   ---
21  13.4  21.4   2:50p   5.9   6:00a   4.6   0.4   0.0   0.0   0.0     ---   ---
22  14.1  20.6   3:40p   7.4   6:30a   2.2   0.2   0.0   0.0   0.0     ---   ---
23  11.9  20.3   1:50p   3.0   7:00a   6.5   0.1   0.0   0.0   0.0     ---   ---
24  14.2  22.8   1:00p   9.3  12:00m   3.4   0.3   0.0   0.0   0.0     ---   ---
25  12.5  22.2   2:30p   4.9   6:00a   5.6   0.3   0.0   0.0   0.0     ---   ---
26  13.0  15.9   4:30p  10.7   4:20a   4.1   0.0   2.3   0.0   0.0     ---   ---
27  12.3  22.1   3:30p   6.7   6:30a   6.4   0.3   0.3   0.0   0.0     ---   ---
28  13.6  24.2   3:00p   6.1   5:50a   4.8   0.7   0.0   0.0   0.0     ---   ---
29  14.9  15.7   2:00p  13.9  12:00m   2.8   0.0  22.1   0.0   0.0     ---   ---
30   8.7  13.8  12:10a   6.1  11:00p   7.9   0.0  19.8   0.0   0.0     ---   ---
-------------------------------------------------------------------------------------
    13.5  27.2     1     1.2    12   132.2  11.0  83.8   0.0   0.0     ---   ---

Max >=  32.0:  0
Max <=   0.0:  0
Min <=   0.0:  0
Min <= -18.0:  0
Max Rain: 25.40 ON 02/04/20
Days of Rain: 10 (> .2 mm) 5 (> 2 mm) 2 (> 20 mm)
Heat Base:  18.3  Cool Base:  18.3  Method: Integration