MONTHLY CLIMATOLOGICAL SUMMARY for SEP. 2017

NAME: Wallaroo   CITY:    STATE:  
ELEV:   602 m  LAT:  35 10' 14" S  LONG: 149 01' 10" E

                   TEMPERATURE (C), RAIN  (mm), WIND SPEED (km/hr)

                                      HEAT  COOL        AVG
    MEAN                              DEG   DEG         WIND                 DOM
DAY TEMP  HIGH   TIME   LOW    TIME   DAYS  DAYS  RAIN  SPEED HIGH   TIME    DIR
------------------------------------------------------------------------------------
 1   6.0  13.9   2:50p  -1.6   7:00a  12.3   0.0   0.0   0.0  12.9   9:40a   NNW
 2   7.8  17.1   2:40p  -1.0   6:50a  10.6   0.0   0.0   0.2  12.9  11:40a   NNW
 3  10.4  20.6   3:10p   3.9   4:10a   8.0   0.1   0.0   0.6  20.9   3:00p     W
 4   7.6  12.2  11:20a   4.4  10:50p  10.8   0.0   0.0   0.6  20.9   6:00p     W
 5   5.4   8.8   2:00p   2.6   4:40a  12.8   0.0   1.0   1.1  20.9  11:40a     W
 6   6.7  10.8  12:50p   3.8   5:30a  11.7   0.0   0.3   0.8  29.0   2:40a     W
 7   8.1  12.2   2:30p   5.7   6:00a  10.3   0.0   0.0   0.3  22.5   3:30p   WSW
 8   8.0  13.4  11:30a   4.2   9:40p  10.3   0.0   0.5   0.3  12.9  12:30p     W
 9   7.4  13.6   2:30p   1.9   6:10a  10.9   0.0   0.0   0.2  16.1  12:10a   NNE
10   7.6  15.9   2:00p  -1.2   6:40a  10.7   0.0   0.0   0.2  11.3   4:00p   NNW
11  10.2  19.1  12:30p   2.3   6:00a   8.2   0.0   0.0   0.0  12.9  10:40a     W
12  13.7  22.7   2:40p   5.9   5:30a   5.1   0.4   0.0   0.3  16.1   3:30p   NNW
13  14.6  21.1  11:20a   7.8  12:00m   3.8   0.1   0.0   0.5  17.7   2:50p    NW
14   7.4  11.7   2:20p   4.2   5:10a  10.9   0.0   0.0   1.0  22.5   9:30a     W
15   9.6  13.3  12:20p   6.7  12:10a   8.8   0.0   0.0   0.5  16.1  10:50a     W
16   8.8  14.4   2:30p   1.8  12:00m   9.5   0.0   0.3   0.5  20.9   2:00p     W
17   6.3  14.9   1:40p  -2.4   6:40a  12.0   0.0   0.0   0.0   8.0   8:40a   NNE
18   9.3  19.6   2:30p  -1.9   6:10a   9.1   0.1   0.0   0.5  17.7  12:10p   NNW
19   9.9  14.7  11:50a   2.8  12:00m   8.4   0.0   0.0   0.6  17.7   6:00a     W
20   7.8  16.3   2:30p  -1.6   4:30a  10.6   0.0   0.0   0.0   9.7   2:10p     N
21  10.9  20.3   1:50p   1.6   6:40a   7.6   0.2   0.0   0.5  16.1   1:30p   NNW
22  13.9  23.4   2:10p   4.7   6:30a   5.5   1.1   0.0   0.3  12.9   2:20p   NNW
23  17.9  28.8   2:00p   4.8   6:20a   3.9   3.6   0.0   0.3  17.7   2:20p   NNW
24  15.6  21.4  12:10a  10.6  11:30p   3.1   0.3   0.0   0.6  22.5   2:10p    NW
25  12.0  17.7  12:20p   7.7   6:20a   6.3   0.0   0.0   0.5  17.7  12:00p     W
26  11.5  18.7   2:00p   5.7  11:50p   6.8   0.0   0.0   0.3  16.1   1:00p    NW
27  13.3  23.2   1:50p   3.0   6:10a   5.7   0.7   0.0   0.2  19.3   9:30p   SSE
28  14.8  20.1   1:20p  10.1  10:10p   3.7   0.2   0.0   0.5  20.9   1:50a     W
29  13.2  19.1  11:20a   7.6   6:00a   5.2   0.1   0.0   0.5  17.7   2:30p     W
30  11.7  17.1   3:10p   7.8  12:00m   6.7   0.0   0.0   0.8  27.4  12:40p     W
-------------------------------------------------------------------------------------
    10.3  28.8    23    -2.4    17   249.1   6.7   2.0   0.4  29.0     6       W

Max >=  32.0:  0
Max <=   0.0:  0
Min <=   0.0:  6
Min <= -18.0:  0
Max Rain: 1.02 ON 05/09/17
Days of Rain: 4 (> .2 mm) 0 (> 2 mm) 0 (> 20 mm)
Heat Base:  18.3  Cool Base:  18.3  Method: Integration