MONTHLY CLIMATOLOGICAL SUMMARY for NOV. 2017

NAME: Wallaroo   CITY:    STATE:  
ELEV:   602 m  LAT:  35 10' 14" S  LONG: 149 01' 10" E

                   TEMPERATURE (C), RAIN  (mm), WIND SPEED (km/hr)

                                      HEAT  COOL        AVG
    MEAN                              DEG   DEG         WIND                 DOM
DAY TEMP  HIGH   TIME   LOW    TIME   DAYS  DAYS  RAIN  SPEED HIGH   TIME    DIR
------------------------------------------------------------------------------------
 1  13.6  21.1   2:30p   5.7   6:20a   5.1   0.4   0.0   0.6  29.0  12:50a     S
 2  14.8  23.4   3:50p   6.5   6:20a   4.5   0.9   0.0   0.3  17.7   8:50p   SSE
 3  12.6  20.9  10:50a   6.4   6:10a   5.8   0.1   0.5   0.2  16.1  11:30a   NNW
 4  13.9  21.3   4:20p   8.4   6:30a   4.9   0.4   0.0   0.3  20.9   8:40p    SE
 5  13.3  20.8   3:10p   8.1   2:40a   5.3   0.2   0.0   1.0  22.5   5:30p   SSE
 6  11.2  15.4   2:00p   7.2  11:40p   7.1   0.0  29.5   2.7  27.4   6:20p     S
 7  11.9  21.5   3:20p   3.9   6:10a   6.5   0.1   0.0   0.6  25.7   8:40p     S
 8  13.4  20.9   3:40p   7.9   6:30a   5.2   0.3   0.0   2.1  22.5   8:40a     S
 9  15.5  24.9   3:20p   5.9   6:10a   4.4   1.6   0.0   0.3  20.9   7:20p     S
10  16.9  26.6   3:20p   7.2   6:30a   3.4   2.0   0.0   0.5  19.3   8:00p     S
11  15.7  25.7   2:30p  10.7   6:00a   3.6   0.9   3.3   0.3  41.8   3:20p     S
12  16.6  24.7   4:00p  11.9  12:30a   2.8   1.0   0.0   0.6  32.2   5:20p    SE
13  15.2  21.7   1:20p  11.2   3:40a   3.4   0.3   0.5   0.3  30.6   2:10p   SSE
14  16.5  25.7   5:00p   8.1   5:30a   3.6   1.7   0.0   0.3  16.1  10:30a   SSE
15  19.3  29.4   3:00p  10.1   6:00a   2.3   3.3   0.0   0.2  12.9   7:30a     S
16  16.1  18.8   2:40p  12.8   5:00a   2.3   0.0   3.3   0.0   8.0   1:30p     S
17  17.0  24.3   1:10p  13.5   6:30a   2.0   0.7   5.1   0.3  30.6   7:50p    SE
18  15.8  18.9   3:00p  13.9  10:50p   2.6   0.0   5.1   0.8  20.9   4:30p    SE
19  17.8  24.9   3:40p  12.2   6:20a   2.1   1.6   0.0   1.4  22.5  12:50p   SSE
20  17.6  25.8   5:00p  10.6   6:00a   2.7   1.9   0.0   1.1  22.5   9:10p     S
21  17.7  26.2   4:10p  10.7   6:30a   2.8   2.2   0.0   0.6  17.7   9:50a     S
22  18.2  27.0   4:40p  10.1   6:10a   2.6   2.4   0.0   0.3  19.3   7:50p   SSE
23  19.1  29.4   2:30p  12.3   6:20a   1.7   2.4   0.0   1.3  35.4   4:20p     S
24  19.6  31.5   2:30p  10.8   6:10a   2.2   3.4   0.3   1.3  30.6   4:50p   SSE
25  21.5  32.1   3:50p  13.5   6:00a   1.2   4.3   0.0   1.3  33.8   6:50p     S
26  18.9  24.2   1:30p  14.1   6:00a   1.2   1.7   6.6   0.5  16.1   1:10p     S
27  18.6  25.8   4:20p  14.5  11:50p   1.3   1.6   7.9   1.0  32.2   7:50p     S
28  19.7  27.8   4:10p  13.1   6:40a   1.6   3.0   0.0   1.1  27.4   9:00p   ESE
29  22.1  29.1   4:40p  16.9   1:50a   0.3   4.1   0.0   0.6  20.9   4:40p     S
30  22.4  31.2   3:40p  14.7   5:20a   0.7   4.8   0.0   0.3  20.9   3:00p   NNE
-------------------------------------------------------------------------------------
    16.7  32.1    25     3.9     7    94.9  47.5  62.0   0.8  41.8    11       S

Max >=  32.0:  1
Max <=   0.0:  0
Min <=   0.0:  0
Min <= -18.0:  0
Max Rain: 29.46 ON 06/11/17
Days of Rain: 10 (> .2 mm) 7 (> 2 mm) 1 (> 20 mm)
Heat Base:  18.3  Cool Base:  18.3  Method: Integration