MONTHLY CLIMATOLOGICAL SUMMARY for JUL. 2019

NAME: Wallaroo   CITY:    STATE:  
ELEV:   602 m  LAT:  35 10' 14" S  LONG: 149 01' 10" E

                   TEMPERATURE (C), RAIN  (mm), WIND SPEED (km/hr)

                                      HEAT  COOL        AVG
    MEAN                              DEG   DEG         WIND                 DOM
DAY TEMP  HIGH   TIME   LOW    TIME   DAYS  DAYS  RAIN  SPEED HIGH   TIME    DIR
------------------------------------------------------------------------------------
 1   3.7  10.1   2:30p  -2.2   8:10a  14.6   0.0   0.3   0.0   8.0   1:40p   WNW
 2   4.8  12.8   2:20p  -1.7   7:50a  13.5   0.0   0.0   0.2  11.3   3:40p    NW
 3   6.4  15.2   1:20p  -0.1   6:00a  11.9   0.0   0.0   0.3  16.1  11:00a   ENE
 4   8.0  12.8   1:50p   4.0   4:30a  10.2   0.0   0.0   0.6  20.9  12:00p    SE
 5   8.7  13.9   2:10p   4.4   7:30a   9.7   0.0   0.3   0.5  19.3   6:10p   ESE
 6   9.2  15.1   2:40p   4.3  11:50p   9.1   0.0   0.0   0.0   9.7  12:50p    SE
 7   9.2  14.8   2:20p   4.2   2:10a   9.2   0.0   0.3   0.0   0.0     ---   ---
 8   9.6  14.1   1:40p   5.6  12:00m   8.8   0.0   1.0   0.0   0.0     ---   ---
 9   7.7  13.9  12:10p   4.7   9:00p  10.7   0.0   0.0   0.0   0.0     ---   ---
10   7.0  11.3   2:40p   5.5  12:40a  11.3   0.0   0.3   0.0   0.0     ---   ---
11   8.0  10.3  10:50a   5.7   7:10a  10.2   0.0   2.3   0.0   0.0     ---   ---
12   9.1  11.1   3:00p   7.9  11:30p   9.3   0.0   1.0   0.0   0.0     ---   ---
13   4.9   8.1  11:20a   2.3   6:40a  13.4   0.0   3.0   0.0   0.0     ---   ---
14   4.3   7.2  11:10p   1.1   6:10a  14.0   0.0   0.5   0.0  12.9   8:40a    NW
15   7.6  13.4   1:20p   4.4   7:50a  10.5   0.0   0.3   0.0  17.7  10:20a     W
16   7.9  13.5   1:20p   2.4   3:20a  10.2   0.0   0.0   0.2  16.1  12:30p     W
17   7.7  12.7  12:40p   4.8   5:20a  10.6   0.0   0.0   0.2  19.3   2:00p     W
18   7.2  12.3   1:10p   3.2  10:50p  11.1   0.0   0.0   0.3  17.7  11:40a   NNW
19   6.2  11.3   2:20p   3.2  12:10a  12.1   0.0   0.3   0.6  16.1   9:40a   NNW
20   4.9  10.8   2:50p   1.2   1:20a  13.3   0.0   0.3   0.0   9.7   3:20p   NNW
21   6.8  15.5   3:00p  -1.9   7:10a  11.3   0.0   0.0   0.0  11.3  11:10a   NNW
22   8.4  16.3   2:30p   1.0   7:00a   9.7   0.0   0.0   0.0   0.0     ---   ---
23   8.8  15.6   2:10p   5.1   4:40a   9.6   0.0   0.0   0.0   0.0     ---   ---
24   7.9  13.5   1:40p   2.0  12:00m  10.3   0.0   0.0   0.0   0.0     ---   ---
25   4.8  15.2   2:10p  -2.4   7:00a  12.9   0.0   0.3   0.0   4.8  10:00a     N
26   5.4  10.5   2:30p   0.6   7:10a  12.9   0.0   0.0   0.0   0.0     ---   ---
27   8.3  15.3   2:00p   2.4   7:40a  10.0   0.0   0.0   0.0   0.0     ---   ---
28   6.4  12.7   3:00p   0.0   7:10a  11.7   0.0   0.3   0.0   0.0     ---   ---
29   7.2  11.0   1:30p   4.3   3:50a  11.0   0.0   1.0   0.0   0.0     ---   ---
30   6.5  13.1   2:10p   1.7   7:20a  11.4   0.0   0.3   0.5  17.7  10:20a   SSE
31   5.4  13.9   2:50p   0.3   7:00a  12.2   0.0   0.0   0.0   0.0     ---   ---
-------------------------------------------------------------------------------------
     7.0  16.3    22    -2.4    25   346.6   0.0  11.4   0.1  20.9     4       W

Max >=  32.0:  0
Max <=   0.0:  0
Min <=   0.0:  6
Min <= -18.0:  0
Max Rain: 3.05 ON 13/07/19
Days of Rain: 16 (> .2 mm) 2 (> 2 mm) 0 (> 20 mm)
Heat Base:  18.3  Cool Base:  18.3  Method: Integration