MONTHLY CLIMATOLOGICAL SUMMARY for MAY. 2021

NAME: Wallaroo   CITY:    STATE:  
ELEV:   637 m  LAT:  35 10' 02" S  LONG: 149 08' 57" E

                   TEMPERATURE (C), RAIN  (mm), WIND SPEED (km/hr)

                                      HEAT  COOL        AVG
    MEAN                              DEG   DEG         WIND                 DOM
DAY TEMP  HIGH   TIME   LOW    TIME   DAYS  DAYS  RAIN  SPEED HIGH   TIME    DIR
------------------------------------------------------------------------------------
 1  12.6  21.6   2:50p   5.7   5:20a   6.2   0.5   0.3   0.0   0.0     ---   ---
 2  12.7  20.7  12:40p   5.7   6:40a   6.1   0.4   0.0   0.0   0.0     ---   ---
 3  12.7  21.3   2:30p   5.4   6:50a   6.2   0.4   7.6   0.0   0.0     ---   ---
 4  11.2  12.7   3:30p   9.8  12:50a   7.2   0.0  18.0   0.0   0.0     ---   ---
 5  12.7  15.2  11:50a  10.8   6:00a   5.6   0.0   5.6   0.0   0.0     ---   ---
 6  15.1  18.8   2:00p  12.8   2:10a   3.2   0.0   0.0   0.0   0.0     ---   ---
 7  15.3  20.7  11:50a  11.2  12:00m   3.2   0.2   0.8   0.0   0.0     ---   ---
 8  12.9  19.2   2:10p   8.1   7:20a   5.5   0.1   0.3   0.0   0.0     ---   ---
 9  13.2  20.2  12:50p   7.9   7:40a   5.4   0.3   0.0   0.0   0.0     ---   ---
10  11.4  17.8  12:10p   4.8   7:00a   6.9   0.0   3.8   0.0   0.0     ---   ---
11  11.3  15.2   2:10p   7.9  12:00m   7.0   0.0   4.8   0.0   0.0     ---   ---
12  11.9  18.7   1:20p   7.5  12:00m   6.4   0.0   0.3   0.0   0.0     ---   ---
13  10.0  17.7   1:20p   3.3   7:20a   8.3   0.0   0.0   0.0   0.0     ---   ---
14   9.0  12.7   2:00p   5.8   9:00p   9.3   0.0   0.0   0.0   0.0     ---   ---
15   6.7  10.6   1:20p  -0.4  12:00m  11.6   0.0   0.8   0.0   0.0     ---   ---
16   3.4  11.3   1:00p  -4.2   7:00a  14.9   0.0   0.0   0.0   0.0     ---   ---
17   7.3  13.8  12:20p   1.1  12:00m  11.1   0.0   0.0   0.0   0.0     ---   ---
18   5.1  12.9   1:50p  -0.1   2:30a  13.3   0.0   0.3   0.0   0.0     ---   ---
19   4.3  12.9   2:10p  -1.7   4:30a  14.1   0.0   0.3   0.0   0.0     ---   ---
20   6.3  15.8   1:10p  -1.1   3:10a  12.1   0.0   0.0   0.0   0.0     ---   ---
21   7.4  17.2   1:40p  -0.2   7:30a  10.9   0.0   0.3   0.0   0.0     ---   ---
22   8.7  17.8   2:10p   2.3  12:00m   9.7   0.0   0.0   0.0   0.0     ---   ---
23   7.4  17.8  12:50p  -1.1   7:10a  10.9   0.0   0.3   0.0   0.0     ---   ---
24  10.9  16.9   2:00p   5.2  12:40a   7.4   0.0   0.3   0.0   0.0     ---   ---
25  11.2  18.6  12:50p   3.6   7:20a   7.1   0.0   2.0   0.0   0.0     ---   ---
26   9.3  13.0  12:50p   4.2  12:00m   9.0   0.0   7.4   0.0   0.0     ---   ---
27   6.9  13.7   1:20p   0.5   7:00a  11.4   0.0   0.0   0.0   0.0     ---   ---
28   7.2  11.9   1:10p   3.7   8:10a  11.2   0.0   0.3   0.0   0.0     ---   ---
29   5.7  12.3   2:20p  -1.6   6:50a  12.7   0.0   0.0   0.0   0.0     ---   ---
30   4.3  13.0   1:50p  -2.3   7:30a  14.1   0.0   0.0   0.0   0.0     ---   ---
31   3.8  15.3   2:10p  -3.9   6:40a  14.5   0.0   0.0   0.0   0.0     ---   ---
-------------------------------------------------------------------------------------
     9.3  21.6     1    -4.2    16   282.6   1.9  53.1   0.0   0.0     ---   ---

Max >=  32.0:  0
Max <=   0.0:  0
Min <=   0.0: 10
Min <= -18.0:  0
Max Rain: 18.03 ON 04/05/21
Days of Rain: 18 (> .2 mm) 7 (> 2 mm) 0 (> 20 mm)
Heat Base:  18.3  Cool Base:  18.3  Method: Integration