MONTHLY CLIMATOLOGICAL SUMMARY for NOV. 2018

NAME: Wallaroo   CITY:    STATE:  
ELEV:   602 m  LAT:  35 10' 14" S  LONG: 149 01' 10" E

                   TEMPERATURE (C), RAIN  (mm), WIND SPEED (km/hr)

                                      HEAT  COOL        AVG
    MEAN                              DEG   DEG         WIND                 DOM
DAY TEMP  HIGH   TIME   LOW    TIME   DAYS  DAYS  RAIN  SPEED HIGH   TIME    DIR
------------------------------------------------------------------------------------
 1  22.9  35.3   2:50p  11.8   5:40a   1.2   3.5   0.0   0.2  16.1  10:40a     S
 2  23.5  32.2   3:50p  19.4   5:10p   0.0   4.4   0.3   0.6  30.6  12:30p     N
 3  20.6  28.2   2:10p  14.4   6:40a   0.7   2.9   0.0   0.2  19.3   1:00p     N
 4  19.4  29.6   3:40p   9.4   6:20a   2.4   3.5   0.0   0.2  16.1   2:50p     W
 5  19.7  26.8   2:00p  15.3   6:30a   0.6   2.1   0.0   0.0  16.1   3:30p    NW
 6  19.8  26.9   4:10p  15.7   5:50a   0.7   1.9   1.5   0.0  12.9   5:40p     N
 7  13.3  17.1   9:30a   7.9  12:00m   5.0   0.0  13.7   0.0  12.9   6:40p     N
 8  11.8  20.8   4:10p   3.8   6:20a   6.7   0.2   0.0   0.0  20.9   2:50p   WNW
 9  13.2  22.6   2:40p   4.4   6:10a   5.7   0.7   0.0   0.2  11.3  12:00p   SSW
10  15.4  25.9   3:40p   5.1   5:50a   4.7   1.7   0.0   0.2  17.7   9:00p   SSW
11  17.7  27.5   3:00p   7.3   6:10a   3.4   2.7   0.0   0.5  19.3   2:40p   SSE
12  20.1  30.1   4:10p  10.3   6:30a   2.2   3.9   0.0   0.2  16.1  12:20a   SSE
13  21.7  32.1   2:30p  13.2   6:20a   0.9   4.3   0.0   0.0  11.3   1:10p   NNE
14  17.7  21.1   5:50p  15.9  12:00m   0.9   0.3   6.3   0.0  11.3   2:10p   NNW
15  18.5  29.6   3:30p  12.5  12:00m   2.1   2.2   0.5   0.6  29.0   4:30p   ESE
16  16.9  25.9   4:00p  11.3   3:00a   3.1   1.7   0.0   0.3  20.9   1:40a   SSE
17  16.4  23.0   2:30p  12.2   6:20a   2.7   0.7   0.0   2.3  27.4   7:10p    SE
18  15.8  23.1   2:10p  11.1   1:50a   3.3   0.8   0.0   1.3  25.7   3:20p    SE
19  18.3  27.3   4:00p  11.2   6:20a   2.4   2.3   0.0   0.5  17.7   2:20a   SSE
20  21.5  32.1   2:30p  11.8   6:00a   1.8   4.9  15.7   0.2  27.4   3:20p   SSE
21  18.2  22.7   5:50p  13.4  12:00m   1.3   1.2   1.3   0.0  11.3  12:20p   WNW
22  10.9  15.3  12:10p   6.1   6:50p   7.3   0.0  23.9   0.2  30.6   6:30p     W
23   9.7  14.8   5:20p   7.1   4:30a   8.5   0.0   0.3   0.0  19.3   3:50p     W
24  14.2  20.7   2:30p   8.6   4:40a   4.3   0.2   0.0   0.2  19.3  12:00p    SE
25  15.3  24.2   3:20p   7.2   5:40a   3.9   0.9   0.0   1.0  35.4   4:40p   SSE
26  17.3  25.8   4:10p   9.4   6:10a   2.7   1.7   0.0   1.8  27.4   8:20a   SSE
27  17.5  27.5   2:30p  12.8   5:50a   2.4   1.6   1.0   0.2  20.9   6:20p    SE
28  14.7  17.4   5:10p  13.3  10:10a   3.7   0.0  24.6   5.3  33.8   3:10p   SSE
29  16.5  24.9   3:40p  10.9   5:30a   3.1   1.2   0.0   3.1  38.6   8:10a   SSE
30  19.0  27.3   3:10p  12.2   5:00a   1.9   2.6   0.0   0.2  12.9   5:10p   WSW
-------------------------------------------------------------------------------------
    17.2  35.3     1     3.8     8    89.6  54.1  89.2   0.6  38.6    29     SSE

Max >=  32.0:  4
Max <=   0.0:  0
Min <=   0.0:  0
Min <= -18.0:  0
Max Rain: 24.64 ON 28/11/18
Days of Rain: 11 (> .2 mm) 5 (> 2 mm) 2 (> 20 mm)
Heat Base:  18.3  Cool Base:  18.3  Method: Integration