MONTHLY CLIMATOLOGICAL SUMMARY for MAR. 2018

NAME: Wallaroo   CITY:    STATE:  
ELEV:   602 m  LAT:  35 10' 14" S  LONG: 149 01' 10" E

                   TEMPERATURE (C), RAIN  (mm), WIND SPEED (km/hr)

                                      HEAT  COOL        AVG
    MEAN                              DEG   DEG         WIND                 DOM
DAY TEMP  HIGH   TIME   LOW    TIME   DAYS  DAYS  RAIN  SPEED HIGH   TIME    DIR
------------------------------------------------------------------------------------
 1  20.1  27.4   4:30p  13.0   7:20a   1.1   2.8   0.0   1.0  22.5   8:40p     S
 2  19.5  25.3   2:00p  15.0   7:30a   1.0   2.2   0.0   0.2  16.1   1:00a   SSE
 3  22.4  32.0   4:10p  15.2   7:30a   0.6   4.7   0.0   0.0  11.3   5:10p     N
 4  21.7  31.6   3:10p  14.2   6:20a   0.8   4.2   0.0   0.3  25.7   7:40p   NNE
 5  18.8  25.4   3:00p  15.4  11:50p   0.9   1.4   0.0   1.0  30.6   6:10p   ESE
 6  16.3  21.5   1:20p  11.7   7:00a   2.5   0.4   0.0   7.1  38.6   1:30p   SSE
 7  16.6  23.3   4:00p  11.4   6:50a   2.7   0.9   0.0   1.6  29.0   4:10p   SSE
 8  16.5  25.2   4:30p   8.6   7:10a   3.5   1.7   0.0   0.5  20.9   3:10p     S
 9  17.6  26.7   4:00p   9.8   7:20a   2.8   2.1   0.0   0.6  19.3   4:20p   SSE
10  19.1  27.2   4:10p  12.0   7:20a   1.7   2.4   0.0   0.0  12.9  11:40a     S
11  20.9  31.2   4:30p  11.7   6:30a   1.9   4.4   0.0   0.0  17.7   2:20p   NNE
12  20.3  31.5   4:30p  12.9   7:40a   1.4   3.4   0.0   0.5  27.4   6:40p   NNE
13  16.8  22.3   4:20p  14.6   6:50a   2.0   0.4   0.0   1.0  22.5  12:20p     S
14  19.3  27.3   3:20p  14.7   3:30a   1.5   2.5   0.0   0.2  16.1   2:20a    SE
15  20.2  30.8   2:50p  11.9   7:10a   1.8   3.7   0.0   0.0  12.9   9:40p    NW
16  19.7  27.6   4:00p  13.9   7:30a   1.1   2.4   0.0   0.3  17.7   4:30a   SSE
17  21.9  32.0   3:40p  14.3   6:10a   0.9   4.6   0.3   0.0   9.7   6:10a    NW
18  21.4  33.8   2:30p  13.4   7:20a   1.4   4.4   0.0   0.5  27.4   1:30p    NW
19  18.3  28.6   3:40p  10.1   7:20a   2.4   2.4   0.0   0.2  12.9   3:00p   NNW
20  16.6  26.5   2:20p   8.6   7:40a   3.3   1.6   0.0   2.7  29.0   6:30p   SSE
21  14.4  17.9   2:40p  11.9  11:10p   3.9   0.0   0.0  10.1  35.4  10:00a   SSE
22  14.3  20.6   2:20p  10.8   6:20a   4.1   0.1   0.0   4.8  29.0   1:00a   SSE
23  16.4  22.2   3:50p  12.7   7:30a   2.5   0.6   0.0   1.0  25.7  12:20p   SSE
24  18.6  27.1   4:00p  11.9   7:10a   1.9   2.2   0.3   0.0   9.7  12:00p   SSE
25  16.6  22.8   1:10p  12.6  12:00m   2.3   0.6   5.8   0.2  17.7  12:00p     W
26  13.2  19.4   2:40p   7.9  12:00m   5.3   0.1   0.0   0.2  17.7   6:40a     W
27  12.7  23.2   4:20p   3.3   7:20a   6.3   0.7   0.0   0.0  16.1  11:50a   SSE
28  18.4  28.5   4:10p  10.1   7:00a   2.6   2.7   0.0   0.0  11.3  12:30p     N
29  19.5  31.4   2:30p  10.1   7:30a   2.4   3.6   0.0   0.2  25.7   4:40p     S
30  19.1  31.3   2:40p   9.7   6:50a   2.6   3.4   0.0   0.0   9.7   1:10p   NNW
31  18.2  28.1   4:10p  10.6   7:40a   2.4   2.2   0.0   0.2  12.9   9:40a   ENE
-------------------------------------------------------------------------------------
    18.2  33.8    18     3.3    27    71.8  68.6   6.3   1.1  38.6     6     SSE

Max >=  32.0:  3
Max <=   0.0:  0
Min <=   0.0:  0
Min <= -18.0:  0
Max Rain: 5.84 ON 25/03/18
Days of Rain: 3 (> .2 mm) 1 (> 2 mm) 0 (> 20 mm)
Heat Base:  18.3  Cool Base:  18.3  Method: Integration