MONTHLY CLIMATOLOGICAL SUMMARY for JUN. 2018

NAME: Wallaroo   CITY:    STATE:  
ELEV:   602 m  LAT:  35 10' 14" S  LONG: 149 01' 10" E

                   TEMPERATURE (C), RAIN  (mm), WIND SPEED (km/hr)

                                      HEAT  COOL        AVG
    MEAN                              DEG   DEG         WIND                 DOM
DAY TEMP  HIGH   TIME   LOW    TIME   DAYS  DAYS  RAIN  SPEED HIGH   TIME    DIR
------------------------------------------------------------------------------------
 1   7.3  13.3   2:30p   4.4   2:10a  11.0   0.0   0.0   5.8  48.3  11:00a   SSE
 2   7.7  12.5   1:20p   2.0   1:30a  10.6   0.0   1.5   6.4  45.1   9:50a   SSE
 3   8.9  14.1   3:00p   5.9   7:50a   5.8   0.0   0.0   1.6  25.7  12:50a   SSE
 4   9.7  15.4   2:20p   7.3   7:10a   7.2   0.0   2.8   0.2  16.1   9:50p   SSE
 5   8.4  11.7   1:30p   4.4   7:20a   9.8   0.0   0.5   2.3  25.7   3:50p   SSE
 6  10.1  15.2  12:30p   6.8  11:50p   8.2   0.0   0.0   0.8  29.0  12:30p    SE
 7  10.6  16.7   1:40p   6.1   5:50a   7.7   0.0   0.0   0.0  17.7  10:40p   NNE
 8  10.1  13.1  11:30a   6.8   1:50a   7.9   0.0   4.3   0.0   9.7   8:20a    NW
 9   8.7  10.9   2:40p   5.3  10:30p   9.6   0.0   4.6   0.0   3.2   3:50a    NW
10   8.3  14.7   2:40p   4.6   6:20a   9.1   0.0   0.0   1.8  25.7  10:40a     S
11   7.3  14.7   2:00p   2.8   7:20a  10.3   0.0   0.3   0.2  17.7  11:30a   ESE
12   6.7   9.8   3:40p   3.3  12:30a  11.6   0.0   4.1   0.0   8.0   9:30p    NE
13   8.9  13.2  12:40p   6.5  12:00m   9.4   0.0   0.3   0.0   9.7  12:30a   WNW
14   7.8  13.6  12:40p   4.7   2:50a  10.1   0.0   0.0   0.0  16.1   2:40p     W
15   7.4   9.4   2:30p   5.2   5:30p  10.4   0.0   4.1   0.2  17.7   3:10p    NW
16   5.4  10.0   1:40p   2.6  12:00m  12.9   0.0   0.5   0.0  11.3  10:40a   NNW
17   4.2   6.8  11:20a   2.0   2:50a  12.7   0.0   0.3   0.2  16.1   1:00p    NW
18   6.3  11.7  12:30p   1.7   7:20a  11.9   0.0   1.3   0.2  19.3  11:20p   NNE
19   8.0  12.1  12:50p   4.3   1:50a   8.2   0.0   0.0   8.5  43.5   1:20p   SSE
20   7.8  13.1   2:40p   2.4  12:00m   5.1   0.0   0.0   0.5  17.7  10:10a    SE
21   4.4  11.3   1:40p  -0.5   7:40a  12.6   0.0   0.0   0.0   9.7  11:40a    SE
22   6.1  11.4   2:10p  -1.8   8:20a   7.1   0.0   0.3   0.0   9.7   2:50p    SE
23   2.4  11.8   2:30p  -3.6   7:20a  15.9   0.0   0.0   0.0  11.3   4:30p   NNW
24   3.4  13.8   2:30p  -2.8   7:40a  14.9   0.0   0.3   0.0  11.3  11:40a     S
25   3.7  12.2   2:30p  -1.8   7:00a  14.6   0.0   0.0   0.2  11.3  10:20a     S
26   4.4  13.5   2:30p  -2.1   7:10a  13.9   0.0   0.0   0.2  16.1  10:10a     S
27   8.3  14.5   2:30p   3.2   5:10a  10.1   0.0   0.0   0.5  19.3   8:50a     S
28   9.0  11.3  12:50p   5.4  10:30p   9.3   0.0   4.8   0.2  19.3   8:10a   SSE
29   6.8  11.0  12:10p   4.4   6:50a  11.6   0.0   0.3   0.0   9.7   1:50p    NW
30   6.8  11.2   1:10p   3.6  11:40p  11.6   0.0   0.0   0.3  12.9  12:30p    NW
-------------------------------------------------------------------------------------
     7.2  16.7     7    -3.6    23   311.1   0.0  30.0   1.0  48.3     1     SSE

Max >=  32.0:  0
Max <=   0.0:  0
Min <=   0.0:  6
Min <= -18.0:  0
Max Rain: 4.83 ON 28/06/18
Days of Rain: 16 (> .2 mm) 6 (> 2 mm) 0 (> 20 mm)
Heat Base:  18.3  Cool Base:  18.3  Method: Integration