MONTHLY CLIMATOLOGICAL SUMMARY for SEP. 2019

NAME: Wallaroo   CITY:    STATE:  
ELEV:   602 m  LAT:  35 10' 14" S  LONG: 149 01' 10" E

                   TEMPERATURE (C), RAIN  (mm), WIND SPEED (km/hr)

                                      HEAT  COOL        AVG
    MEAN                              DEG   DEG         WIND                 DOM
DAY TEMP  HIGH   TIME   LOW    TIME   DAYS  DAYS  RAIN  SPEED HIGH   TIME    DIR
------------------------------------------------------------------------------------
 1   8.9  20.5   1:30p  -0.2   6:50a   9.5   0.2   0.0   0.0   0.0     ---   ---
 2  11.2  18.2   1:30p   4.3   7:00a   7.2   0.0   0.0   0.0   0.0     ---   ---
 3  12.7  19.9   3:00p   6.9   7:00a   5.7   0.1   0.0   0.0   0.0     ---   ---
 4  11.7  20.8  12:00p   2.8   7:00a   6.9   0.2   0.0   0.0   0.0     ---   ---
 5  12.6  22.3   2:10p   5.1   6:50a   6.1   0.3   0.0   0.0   0.0     ---   ---
 6   9.8  18.3  12:10p   5.0  10:10p   8.5   0.0   4.1   0.0   0.0     ---   ---
 7   7.4  10.2  11:00a   4.8   2:40a  10.8   0.0   0.0   0.0   0.0     ---   ---
 8   7.5  13.0  12:50p   3.9   5:20a  10.8   0.0   0.5   0.0   0.0     ---   ---
 9   7.7  13.2   3:00p   2.7   6:00a  10.7   0.0   0.0   0.0   0.0     ---   ---
10   7.4  16.3   2:30p   1.2   6:30a  10.9   0.0   0.0   0.0   0.0     ---   ---
11   8.4  17.8   2:30p  -0.2   6:20a   9.9   0.0   0.0   0.0   0.0     ---   ---
12  10.2  18.7   2:30p   4.6   2:10a   8.1   0.0   0.0   0.0   0.0     ---   ---
13  10.8  21.1   2:40p   0.1   6:30a   7.7   0.2   0.0   0.0   0.0     ---   ---
14  12.6  21.6   2:50p   5.7   6:30a   6.0   0.3   0.0   0.0   0.0     ---   ---
15  12.7  23.6   1:40p   2.6   6:30a   6.1   0.5   0.0   0.0   0.0     ---   ---
16  14.1  25.2  12:30p   1.9  12:00m   5.2   0.9  17.0   0.0   0.0     ---   ---
17   6.1   9.8   3:30p   1.7  12:10a  12.3   0.0   3.3   0.0   0.0     ---   ---
18  10.4  17.1  12:30p   4.8   6:20a   7.8   0.0   0.0   0.0   0.0     ---   ---
19  14.2  19.2   3:40p  11.5   5:00a   4.2   0.1   0.0   0.0   0.0     ---   ---
20  15.6  23.9   3:00p   8.9   6:10a   3.8   1.0   0.0   0.0   0.0     ---   ---
21  13.8  17.1   9:30a  10.5  11:30p   4.6   0.0   6.6   0.0   0.0     ---   ---
22  11.5  17.8  12:20p   4.6  12:00m   6.8   0.0   0.0   0.0   0.0     ---   ---
23   7.8  13.4  12:40p   3.6  12:00m  10.5   0.0   0.3   0.0   9.7   8:20a     W
24   7.9  16.5   1:30p  -0.5   5:20a  10.4   0.0   0.0   0.0   9.7  11:00a   WNW
25   9.1  17.6   2:50p   1.0   5:00a   9.3   0.0   0.0   0.0   0.0     ---   ---
26  11.3  18.0   2:50p   5.9  12:40a   7.0   0.0   0.0   0.0   0.0     ---   ---
27  12.7  20.6   2:20p   4.8   6:00a   5.8   0.2   0.0   0.0   0.0     ---   ---
28  10.9  17.8   1:40p   4.2   6:20a   7.4   0.0   0.0   0.0   0.0     ---   ---
29  10.3  18.8   1:00p   2.8   5:50a   8.1   0.0   0.0   0.0   0.0     ---   ---
30  11.2  19.4   2:50p   5.1   5:20a   7.2   0.1   0.0   0.0   0.0     ---   ---
-------------------------------------------------------------------------------------
    10.6  25.2    16    -0.5    24   235.3   4.0  31.8   0.0   9.7    23     WNW

Max >=  32.0:  0
Max <=   0.0:  0
Min <=   0.0:  3
Min <= -18.0:  0
Max Rain: 17.02 ON 16/09/19
Days of Rain: 6 (> .2 mm) 4 (> 2 mm) 0 (> 20 mm)
Heat Base:  18.3  Cool Base:  18.3  Method: Integration