MONTHLY CLIMATOLOGICAL SUMMARY for JAN. 2020

NAME: Wallaroo   CITY:    STATE:  
ELEV:   602 m  LAT:  35 10' 14" S  LONG: 149 01' 10" E

                   TEMPERATURE (C), RAIN  (mm), WIND SPEED (km/hr)

                                      HEAT  COOL        AVG
    MEAN                              DEG   DEG         WIND                 DOM
DAY TEMP  HIGH   TIME   LOW    TIME   DAYS  DAYS  RAIN  SPEED HIGH   TIME    DIR
------------------------------------------------------------------------------------
 1  23.9  34.2   5:00p  13.6   4:30a   0.8   4.8   0.0   0.0   0.0     ---   ---
 2  20.8  35.0   5:10p  11.7   6:50a   1.4   3.2   0.0   0.0   0.0     ---   ---
 3  27.4  40.3   4:20p  16.0  12:40a   0.4   7.2   0.0   0.0   0.0     ---   ---
 4  38.2  45.9   2:20p  24.8   8:20a   0.0  11.7   0.0   0.0   0.0     ---   ---
 5  18.7  26.1  12:20a  14.6  12:00m   0.9   1.3   0.3   0.0   0.0     ---   ---
 6  17.5  22.6   4:00p  13.8   5:10a   1.6   0.8   0.3   0.0   0.0     ---   ---
 7  25.5  37.7   4:20p  16.1   6:30a   0.4   7.6   0.0   0.0   0.0     ---   ---
 8  23.9  38.2   4:00p  16.7   6:10a   0.2   5.6   0.0   0.0   0.0     ---   ---
 9  20.7  26.1   3:40p  16.8   3:50a   0.2   2.4   0.0   0.0   0.0     ---   ---
10  28.9  40.8   4:40p  17.2   6:30a   0.1  10.3   0.0   0.0   0.0     ---   ---
11  22.7  29.4   4:40p  15.8  12:00m   0.4   4.7   0.3   0.0   0.0     ---   ---
12  17.3  23.0   3:20p  14.1  12:00m   1.9   0.9   0.0   0.0   0.0     ---   ---
13  19.9  28.7   4:50p  12.0   6:30a   1.8   3.3   0.0   0.0   0.0     ---   ---
14  22.4  32.6   3:20p  14.1   6:20a   0.9   5.1   0.0   0.0   0.0     ---   ---
15  23.6  34.4   2:50p  16.8   6:20a   0.2   5.4   0.5   0.0   0.0     ---   ---
16  20.4  30.4  12:50p  15.4   6:30p   0.6   2.7  30.5   0.0   0.0     ---   ---
17  19.3  24.6   4:10p  16.9  12:10a   0.5   1.5   0.0   0.0   0.0     ---   ---
18  20.2  27.5   3:30p  16.8  11:50p   0.4   2.2   0.0   0.0   0.0     ---   ---
19  22.1  32.2   3:50p  15.1   4:00a   0.9   4.7   2.5   0.0   0.0     ---   ---
20  19.8  27.8  12:10p  16.1   1:30p   0.7   2.1   2.8   0.0   0.0     ---   ---
21  20.4  28.6   2:50p  13.9   4:10a   1.1   2.9   0.0   0.0   0.0     ---   ---
22  24.8  34.4   3:40p  13.7   6:30a   0.8   7.2   0.0   0.0   0.0     ---   ---
23  25.3  33.7  11:20a  15.7  11:00p   0.2   7.1   2.0   1.8 252.7   6:40p   ESE
24  21.6  29.9   2:50p  14.7   6:20a   0.9   4.0   0.0   0.0   0.0     ---   ---
25  19.2  28.3  10:50a  16.5   3:10a   0.3   0.7   0.0   0.0   0.0     ---   ---
26
27
28
29
30
31
-------------------------------------------------------------------------------------
    22.6  45.9     4    11.7     2    17.6 109.4  39.1   0.1 252.7    23     ESE

Max >=  32.0: 12
Max <=   0.0:  0
Min <=   0.0:  0
Min <= -18.0:  0
Max Rain: 30.48 ON 16/01/20
Days of Rain: 8 (> .2 mm) 4 (> 2 mm) 1 (> 20 mm)
Heat Base:  18.3  Cool Base:  18.3  Method: Integration