MONTHLY CLIMATOLOGICAL SUMMARY for NOV. 2020

NAME: Wallaroo   CITY:    STATE:  
ELEV:   637 m  LAT:  35 10' 02" S  LONG: 149 08' 57" E

                   TEMPERATURE (C), RAIN  (mm), WIND SPEED (km/hr)

                                      HEAT  COOL        AVG
    MEAN                              DEG   DEG         WIND                 DOM
DAY TEMP  HIGH   TIME   LOW    TIME   DAYS  DAYS  RAIN  SPEED HIGH   TIME    DIR
------------------------------------------------------------------------------------
 1  14.9  21.5   2:20p  10.3  12:00m   3.9   0.6   2.0   0.0   0.0     ---   ---
 2  15.6  24.1   4:00p   6.4   6:20a   4.1   1.3   0.0   0.0   0.0     ---   ---
 3  17.2  26.8   4:30p   9.4   2:50a   3.3   2.2   0.0   0.0   0.0     ---   ---
 4  18.9  27.3   3:30p   9.1   6:10a   2.6   3.2   0.0   0.0   0.0     ---   ---
 5  11.8  19.8  12:10a   8.7   9:30a   6.6   0.1  15.2   0.0   0.0     ---   ---
 6  13.7  21.6   3:40p   6.3   6:10a   5.0   0.4   0.0   0.0   0.0     ---   ---
 7  13.6  22.2   4:10p   7.3   6:20a   5.2   0.4   0.0   0.0   0.0     ---   ---
 8  13.6  21.6   5:10p   6.1   6:20a   5.3   0.5   0.0   0.0   0.0     ---   ---
 9  14.6  24.1   5:40p   6.8   6:00a   3.9   0.8   0.0   0.0   0.0     ---   ---
10  17.8  27.9   5:00p   8.4   5:20a   3.3   2.8   0.0   0.0   0.0     ---   ---
11  20.2  29.3   4:40p   9.7   6:00a   1.9   3.4   0.0   0.0   0.0     ---   ---
12  18.2  23.0   6:20p  16.1  11:20p   0.3   0.3   9.7   0.0   0.0     ---   ---
13  18.1  24.1   1:00p  13.2   6:00a   1.7   1.5   0.3   0.0   0.0     ---   ---
14  16.8  22.8   3:10p   8.9   6:10a   2.7   1.2   0.0   0.0   0.0     ---   ---
15  19.8  30.3   4:40p   8.4   5:20a   2.7   4.2   0.0   0.0   0.0     ---   ---
16  20.9  27.9  11:10a  12.7  12:00m   0.6   3.2   0.0   0.0   0.0     ---   ---
17  16.9  25.9   3:20p   7.0   6:00a   3.6   2.2   0.0   0.0   0.0     ---   ---
18  19.1  29.3   5:50p  11.1   5:30a   2.2   2.8   0.0   0.0   0.0     ---   ---
19  21.3  30.3   4:30p  10.9   6:10a   1.6   4.6   0.0   0.0   0.0     ---   ---
20  23.8  35.0   5:00p  13.6   6:10a   1.0   6.4   0.0   0.0   0.0     ---   ---
21  21.1  32.6   5:10p  13.1   6:00a   1.5   4.2   0.0   0.0   0.0     ---   ---
22  21.4  28.9   4:10p  15.0   5:40a   0.8   3.9   9.7   0.0   0.0     ---   ---
23  17.7  21.7   6:30p  14.1   1:50p   1.1   0.5  23.6   0.0   0.0     ---   ---
24  17.8  25.7   4:20p  12.6   6:30a   2.2   1.7   0.0   0.0   0.0     ---   ---
25
26
27
28
29
30
-------------------------------------------------------------------------------------
    17.7  35.0    20     6.1     8    67.2  52.3  60.5   0.0   0.0     ---   ---

Max >=  32.0:  2
Max <=   0.0:  0
Min <=   0.0:  0
Min <= -18.0:  0
Max Rain: 23.62 ON 23/11/20
Days of Rain: 6 (> .2 mm) 5 (> 2 mm) 1 (> 20 mm)
Heat Base:  18.3  Cool Base:  18.3  Method: Integration