MONTHLY CLIMATOLOGICAL SUMMARY for APR. 2018

NAME: Wallaroo   CITY:    STATE:  
ELEV:   602 m  LAT:  35 10' 14" S  LONG: 149 01' 10" E

                   TEMPERATURE (C), RAIN  (mm), WIND SPEED (km/hr)

                                      HEAT  COOL        AVG
    MEAN                              DEG   DEG         WIND                 DOM
DAY TEMP  HIGH   TIME   LOW    TIME   DAYS  DAYS  RAIN  SPEED HIGH   TIME    DIR
------------------------------------------------------------------------------------
 1  18.3  28.9   4:10p   9.3   5:50a   2.8   2.8   0.0   0.0   9.7  12:20p    NW
 2  20.1  31.6   3:10p  12.7   8:10a   1.8   3.6   0.0   0.2  12.9   9:30p     W
 3  17.7  24.6   2:30p  13.3   5:50a   1.8   1.2   0.0   0.2  17.7   8:10a    SE
 4  19.3  27.9   4:10p  14.1   8:00a   1.2   2.2   0.0   0.3  16.1  11:00a    SE
 5  19.2  27.5   2:00p  12.1   7:20a   1.9   2.7   0.0   0.0  11.3  12:50p   NNE
 6  19.1  30.9   2:20p  10.6   7:30a   2.4   3.1   0.0   0.0  19.3  12:40p     N
 7  19.9  29.6   2:50p  14.3   8:00a   1.3   2.9   0.0   0.2  16.1   1:40p   WNW
 8  17.2  30.6   3:10p   5.9   7:40a   4.0   2.9   0.0   0.0  11.3   1:00p     W
 9  19.1  32.0   3:00p   8.9   7:40a   2.7   3.4   0.0   0.3  20.9   4:20p    NE
10  17.4  25.9   4:10p  11.8   7:00a   2.5   1.6   0.0   0.0   9.7   9:20a   SSE
11  20.7  33.1   4:00p  11.6   7:10a   2.0   4.4   0.0   0.0  12.9   2:00p   SSE
12  20.4  30.2   3:00p  12.1   7:30a   1.6   3.6   0.0   0.3  22.5   2:40p   NNW
13  20.0  29.1   1:10p  15.2   7:20p   1.1   2.7   2.3   0.5  22.5   5:50p   SSE
14  15.2  20.5  12:20p   9.3  10:30p   3.3   0.2   6.9   0.5  22.5   6:30p   NNW
15  12.2  14.6  11:10p   9.6   1:30a   6.1   0.0   0.0   0.2  19.3   4:00p   WNW
16  15.9  22.1  10:50a  12.8  12:00m   2.7   0.3   0.0   0.0  12.9   9:40a    NW
17  14.8  23.5   2:30p   9.2  12:00m   4.2   0.7   0.0   0.2  17.7   7:50p     S
18  13.8  22.1   2:50p   9.1  12:30a   4.9   0.4   0.0   0.0  12.9   7:50a   SSE
19  14.6  24.8   2:30p   7.4   4:00a   4.8   1.2   0.0   0.0   8.0  11:20a   ESE
20  16.5  25.8   2:50p   9.2   6:20a   3.5   1.6   0.0   0.0  16.1   8:40p   SSE
21  15.8  24.3   2:50p   9.2   6:50a   3.6   1.0   0.0   0.0  12.9   9:00a    NE
22  14.5  19.9   3:10p  11.6   2:20a   3.9   0.1   0.0   0.0  11.3  10:20a    SE
23  13.5  24.0   2:20p   7.7   5:40a   3.4   0.5   0.0   0.0   4.8  11:30a    SE
24
25
26
27
28
29
30
-------------------------------------------------------------------------------------
    17.2  33.1    11     5.9     8    67.6  43.1   9.1   0.1  22.5    12     SSE

Max >=  32.0:  2
Max <=   0.0:  0
Min <=   0.0:  0
Min <= -18.0:  0
Max Rain: 6.86 ON 14/04/18
Days of Rain: 2 (> .2 mm) 2 (> 2 mm) 0 (> 20 mm)
Heat Base:  18.3  Cool Base:  18.3  Method: Integration