MONTHLY CLIMATOLOGICAL SUMMARY for MAY. 2020

NAME: Wallaroo   CITY:    STATE:  
ELEV:   637 m  LAT:  35 10' 02" S  LONG: 149 08' 57" E

                   TEMPERATURE (C), RAIN  (mm), WIND SPEED (km/hr)

                                      HEAT  COOL        AVG
    MEAN                              DEG   DEG         WIND                 DOM
DAY TEMP  HIGH   TIME   LOW    TIME   DAYS  DAYS  RAIN  SPEED HIGH   TIME    DIR
------------------------------------------------------------------------------------
 1   6.0   9.4   1:30p   4.6   5:30a  10.7   0.0   9.4   0.0   0.0     ---   ---
 2   6.5   7.9   4:40p   5.7  12:20a   7.9   0.0   8.9   0.0   0.0     ---   ---
 3   7.9  15.7   2:20p   2.4   7:30a   9.6   0.0   0.0   0.0   0.0     ---   ---
 4   7.0  15.5   3:00p   0.4   6:10a  11.2   0.0   0.0   0.0   0.0     ---   ---
 5   7.6  17.8   1:50p   1.4   6:20a  10.1   0.0   0.3   0.0   0.0     ---   ---
 6   8.9  17.7   2:00p   1.7   6:40a   9.4   0.0   0.0   0.0   0.0     ---   ---
 7  11.6  18.7   1:50p   4.1   4:00a   6.8   0.0   0.3   0.0   0.0     ---   ---
 8  14.3  20.6   2:00p   9.4   5:00a   4.3   0.3   0.0   0.0   0.0     ---   ---
 9  11.6  16.7  12:00p   7.2  12:00m   6.7   0.0   3.8   0.0   0.0     ---   ---
10   6.4  11.5   2:00p   0.4  12:00m  11.9   0.0   0.0   0.0   0.0     ---   ---
11   5.1  14.1   2:30p  -1.8   7:00a  13.2   0.0   0.0   0.0   0.0     ---   ---
12   5.8  14.1   2:40p  -0.7   6:30a  12.3   0.0   0.3   0.0   0.0     ---   ---
13   7.4  14.8   2:30p   3.5  12:00m  10.4   0.0   0.0   0.0   0.0     ---   ---
14   8.0  15.7   1:20p   2.1   2:10a  10.1   0.0   0.0   0.0   0.0     ---   ---
15   6.7  15.2   2:00p   0.6   6:30a  11.2   0.0   0.0   0.0   0.0     ---   ---
16   7.4  15.4   2:10p   1.7   2:00a   9.9   0.0   0.0   0.0   0.0     ---   ---
17   7.8  16.9   1:30p   1.1   6:20a  10.5   0.0   0.3   0.0   0.0     ---   ---
18   8.5  16.9  12:50p   2.4   6:20a   8.1   0.0   0.3   0.0   0.0     ---   ---
19  10.7  17.8   1:20p   3.8   6:30a   7.7   0.0   0.3   0.0   0.0     ---   ---
20  11.3  14.6   1:40p   6.7   6:40a   6.9   0.0   0.8   0.0   0.0     ---   ---
21   9.6  14.6   1:40p   5.8   7:10a   8.7   0.0   0.8   0.0   0.0     ---   ---
22   8.8  12.2   1:20p   6.3   7:20a   9.6   0.0   5.8   0.0   0.0     ---   ---
23   8.8  11.1   1:50p   6.9  12:30a   9.5   0.0   2.0   0.0   0.0     ---   ---
24   9.6  13.7   1:20p   6.9   4:00a   8.8   0.0   0.0   0.0   0.0     ---   ---
25   9.5  13.8   1:10p   6.2   1:10a   8.8   0.0   0.0   0.0   0.0     ---   ---
26  10.2  13.6  12:40p   6.8   2:50a   7.9   0.0   0.0   0.0   0.0     ---   ---
27   8.5  14.5   2:30p   3.7   5:20a   9.8   0.0   0.0   0.0   0.0     ---   ---
28   8.4  16.4   1:00p   4.3  12:00m   9.9   0.0   0.0   0.0   0.0     ---   ---
29   3.7   4.3  12:10a   3.0   2:10a   1.3   0.0   0.0   0.0   0.0     ---   ---
30
31
-------------------------------------------------------------------------------------
     8.4  20.6     8    -1.8    11   263.2   0.3  33.0   0.0   0.0     ---   ---

Max >=  32.0:  0
Max <=   0.0:  0
Min <=   0.0:  2
Min <= -18.0:  0
Max Rain: 9.40 ON 01/05/20
Days of Rain: 13 (> .2 mm) 5 (> 2 mm) 0 (> 20 mm)
Heat Base:  18.3  Cool Base:  18.3  Method: Integration