MONTHLY CLIMATOLOGICAL SUMMARY for OCT. 2017

NAME: Wallaroo   CITY:    STATE:  
ELEV:   602 m  LAT:  35 10' 14" S  LONG: 149 01' 10" E

                   TEMPERATURE (C), RAIN  (mm), WIND SPEED (km/hr)

                                      HEAT  COOL        AVG
    MEAN                              DEG   DEG         WIND                 DOM
DAY TEMP  HIGH   TIME   LOW    TIME   DAYS  DAYS  RAIN  SPEED HIGH   TIME    DIR
------------------------------------------------------------------------------------
 1  11.4  18.6   3:00p   4.1   3:20a   6.7   0.0   0.0   0.3  17.7   2:30p    NW
 2  12.4  22.3   4:10p   4.1   7:00a   6.5   0.5   0.0   0.0  16.1   9:50p   NNW
 3  14.9  24.9   3:00p   5.9   6:00a   4.7   1.2   0.0   0.0   9.7   1:40p   WNW
 4  15.1  24.2   2:20p   5.7   6:50a   4.6   1.3   0.0   0.0  11.3   2:40p   NNW
 5  16.3  26.2   1:50p   7.9   5:50a   3.6   1.6   0.0   0.3  29.0   6:20p     S
 6  14.4  21.7   2:40p   9.4   8:10a   4.1   0.2   0.0   0.8  20.9   8:10p     N
 7  12.4  20.7   3:50p   5.4   5:00a   6.1   0.2   0.0   2.3  30.6  12:30a   SSE
 8  13.6  18.4  12:10p   8.2   3:20a   4.8   0.0   0.8   0.0  11.3  12:40a     N
 9  16.9  23.9   2:40p  12.4   7:00a   2.3   0.8  18.5   0.5  19.3   4:40p   NNW
10  13.7  21.5   2:50p   6.1   6:30a   5.2   0.6   0.0   0.2  16.1  10:00a     N
11  17.4  24.8   2:30p  10.2   6:40a   2.7   1.8   0.0   0.0  20.9  12:00m     S
12  14.8  19.1  12:10a  10.2  11:10p   3.6   0.1   8.4   0.3  19.3   1:20a    NW
13  13.1  20.6   2:10p   6.2   5:00a   5.4   0.2   0.0   0.3  16.1   1:50p    NW
14  13.5  18.5  12:50p  10.0  10:50p   4.8   0.0   0.0   0.8  22.5  12:50p    SE
15  15.3  23.9   4:20p   9.2   6:10a   3.9   0.9   0.0   0.2  12.9  10:50a   NNE
16  16.6  25.2   4:10p   9.2   6:30a   3.2   1.5   0.0   0.3  22.5   3:40p    SE
17  16.8  26.7   3:50p   7.7   6:20a   3.4   2.0   0.3   0.3  16.1   9:10p   NNE
18  17.7  27.0   4:20p   8.6   6:20a   2.9   2.3   0.0   0.3  16.1   2:50p   NNE
19  18.0  26.7   2:00p  10.7   5:30a   2.4   2.1   8.9   0.3  27.4  11:30p    NW
20  14.7  20.5  12:20p  10.9   9:10p   3.8   0.2   1.8   0.8  20.9   9:40p   ESE
21  11.4  19.4   3:00p   4.3   6:30a   7.3   0.1   0.0   0.3  16.1   2:20a   NNE
22
23
24
25
26
27
28
29
30
31
-------------------------------------------------------------------------------------
    14.8  27.0    18     4.1     1    92.1  17.5  38.6   0.4  30.6     7     NNE

Max >=  32.0:  0
Max <=   0.0:  0
Min <=   0.0:  0
Min <= -18.0:  0
Max Rain: 18.54 ON 09/10/17
Days of Rain: 6 (> .2 mm) 3 (> 2 mm) 0 (> 20 mm)
Heat Base:  18.3  Cool Base:  18.3  Method: Integration