MONTHLY CLIMATOLOGICAL SUMMARY for JUL. 2018

NAME: Wallaroo   CITY:    STATE:  
ELEV:   602 m  LAT:  35 10' 14" S  LONG: 149 01' 10" E

                   TEMPERATURE (C), RAIN  (mm), WIND SPEED (km/hr)

                                      HEAT  COOL        AVG
    MEAN                              DEG   DEG         WIND                 DOM
DAY TEMP  HIGH   TIME   LOW    TIME   DAYS  DAYS  RAIN  SPEED HIGH   TIME    DIR
------------------------------------------------------------------------------------
 1   3.9  11.1   2:30p  -1.2   7:00a  14.4   0.0   0.0   0.0  11.3   1:40a     S
 2   4.8  12.5   2:40p  -0.8   6:10a  13.6   0.0   0.0   0.0  17.7  12:10p     S
 3   5.3  13.2   2:00p  -1.2   7:40a  13.0   0.0   0.3   0.0   4.8  11:20a     E
 4   6.2  14.6   2:30p  -1.6   5:40a  12.1   0.0   0.0   0.0   9.7   1:00p   NNW
 5   9.6  16.9   2:40p  -0.3   6:40a   8.8   0.0   0.3   0.0  11.3   1:30p   NNW
 6  10.0  13.4   3:20a   5.9  12:00m   8.3   0.0   1.3   0.5  17.7   9:10a    NW
 7   5.6   8.6   1:10p   3.1   3:40a  12.8   0.0   0.3   0.3  17.7   3:00p    NW
 8   7.4  12.3   2:30p   4.2   5:10a  10.9   0.0   0.0   0.8  25.7   4:50a     W
 9   6.6  13.7   1:30p   1.8  11:50p  11.6   0.0   0.0   0.0   9.7   3:00p   WNW
10   4.6  12.6   2:40p  -0.3   8:00a  13.7   0.0   0.3   0.0  11.3   1:00p   NNW
11   3.2  13.0   2:10p  -3.7   7:10a  15.1   0.0   0.0   0.0   8.0  10:40a    NW
12   3.7  10.9   2:40p  -2.1   7:40a  14.6   0.0   0.0   0.0   9.7   4:20p   NNW
13   4.4  12.1   2:40p  -0.6  10:40p  13.9   0.0   0.0   0.0   9.7   5:20a   NNW
14   1.0   8.6   2:50p  -4.0   6:10a  17.0   0.0   0.0   0.0   8.0   1:40p   NNW
15   1.5   8.6   2:10p  -2.6   2:30a  16.6   0.0   0.0   0.3  16.1   1:10p   NNW
16   2.8   9.3   2:40p  -4.3   7:30a  15.4   0.0   0.3   0.0  12.9  12:10p   NNW
17   8.6  15.9   2:20p   2.3   5:00a   9.8   0.0   0.0   0.3  17.7   1:00p    NW
18   6.5  12.7   2:30p   2.1   7:20a  11.5   0.0   0.0   0.0  11.3  10:40a   NNW
19   3.3   7.7  10:10a   1.7   3:10a   6.3   0.0   0.0   0.0   4.8  10:00a   WNW
20
21
22
23
24
25
26
27
28
29
30
31
-------------------------------------------------------------------------------------
     5.2  16.9     5    -4.3    16   239.5   0.0   2.5   0.1  25.7     8     NNW

Max >=  32.0:  0
Max <=   0.0:  0
Min <=   0.0: 12
Min <= -18.0:  0
Max Rain: 1.27 ON 06/07/18
Days of Rain: 6 (> .2 mm) 0 (> 2 mm) 0 (> 20 mm)
Heat Base:  18.3  Cool Base:  18.3  Method: Integration