MONTHLY CLIMATOLOGICAL SUMMARY for OCT. 2019

NAME: Wallaroo   CITY:    STATE:  
ELEV:   602 m  LAT:  35 10' 14" S  LONG: 149 01' 10" E

                   TEMPERATURE (C), RAIN  (mm), WIND SPEED (km/hr)

                                      HEAT  COOL        AVG
    MEAN                              DEG   DEG         WIND                 DOM
DAY TEMP  HIGH   TIME   LOW    TIME   DAYS  DAYS  RAIN  SPEED HIGH   TIME    DIR
------------------------------------------------------------------------------------
 1  13.1  20.7   2:40p   6.7   1:10a   5.5   0.3   0.0   0.0   0.0     ---   ---
 2  14.4  25.6   2:40p   4.3   6:00a   5.3   1.4   0.0   0.0   0.0     ---   ---
 3  17.1  28.4   2:20p   5.9   5:50a   3.8   2.5   0.0   0.0   0.0     ---   ---
 4  19.3  28.2  12:50p  13.0   1:00a   1.7   2.7   0.0   0.0   0.0     ---   ---
 5  14.9  20.8   1:40p  12.2   7:00a   3.7   0.2   2.0   0.0   0.0     ---   ---
 6  19.4  29.7   3:20p  10.8   4:20a   2.4   3.4   0.0   0.0   0.0     ---   ---
 7  17.6  24.1  11:50a  12.3  12:00m   1.9   1.2   0.0   0.0   0.0     ---   ---
 8  11.3  19.4  11:20a   4.2  11:50p   6.7   0.0   2.3   0.0   0.0     ---   ---
 9   9.1  17.7   3:00p   1.2   6:20a   9.3   0.0   0.0   0.0   0.0     ---   ---
10  10.9  19.2   2:20p   3.0   5:30a   7.4   0.1   0.0   0.0   0.0     ---   ---
11  11.7  18.7   2:00p   7.7   6:00a   6.6   0.0   0.5   0.0   0.0     ---   ---
12  10.6  15.7   3:50p   6.9   6:50a   7.8   0.0   0.0   0.0   0.0     ---   ---
13  12.7  20.7   3:10p   4.1   6:40a   5.8   0.2   0.0   0.0   0.0     ---   ---
14  14.1  23.8   4:10p   6.8   4:10a   5.1   0.8   0.0   0.0   0.0     ---   ---
15  18.2  29.0   3:20p   8.3   6:00a   3.1   2.9   0.0   0.0   0.0     ---   ---
16  16.5  25.4   1:40p   9.9   6:20a   3.1   1.3   3.0   0.0   0.0     ---   ---
17  12.3  16.9  12:20p   8.6  12:00m   6.1   0.0   0.5   0.0   0.0     ---   ---
18  13.3  22.0   2:20p   5.6   6:10a   5.5   0.6   0.0   0.0   0.0     ---   ---
19  13.8  20.6  11:20a   7.2  12:00m   4.8   0.3   0.0   0.0   0.0     ---   ---
20  12.7  21.6   3:10p   4.0   5:40a   6.1   0.4   0.0   0.0   0.0     ---   ---
21  15.8  26.6   2:50p   5.3   6:40a   4.6   2.1   0.0   0.0   0.0     ---   ---
22  17.9  29.9   2:20p   7.2   6:40a   3.7   3.3   0.0   0.0   0.0     ---   ---
23  11.1  16.3   9:10a   8.4   6:00a   2.8   0.0   0.0   0.0   0.0     ---   ---
24
25
26
27
28
29
30
31
-------------------------------------------------------------------------------------
    14.3  29.9    22     1.2     9   112.7  23.7   8.4   0.0   0.0     ---   ---

Max >=  32.0:  0
Max <=   0.0:  0
Min <=   0.0:  0
Min <= -18.0:  0
Max Rain: 3.05 ON 16/10/19
Days of Rain: 5 (> .2 mm) 3 (> 2 mm) 0 (> 20 mm)
Heat Base:  18.3  Cool Base:  18.3  Method: Integration