MONTHLY CLIMATOLOGICAL SUMMARY for SEP. 2020

NAME: Wallaroo   CITY:    STATE:  
ELEV:   637 m  LAT:  35 10' 02" S  LONG: 149 08' 57" E

                   TEMPERATURE (C), RAIN  (mm), WIND SPEED (km/hr)

                                      HEAT  COOL        AVG
    MEAN                              DEG   DEG         WIND                 DOM
DAY TEMP  HIGH   TIME   LOW    TIME   DAYS  DAYS  RAIN  SPEED HIGH   TIME    DIR
------------------------------------------------------------------------------------
 1   8.7  15.3   1:40p   2.2   7:10a   9.7   0.0   0.0   0.0   0.0     ---   ---
 2   9.5  17.7   2:30p   1.5   5:20a   8.8   0.0   0.3   0.0   0.0     ---   ---
 3  13.3  20.7  12:00p   5.9   3:40a   5.3   0.3   0.5   0.0   0.0     ---   ---
 4  11.6  18.8   1:40p   5.3   6:20a   6.7   0.0   1.0   0.0   0.0     ---   ---
 5   9.5  16.6   1:50p   3.3  12:00m   8.8   0.0   0.0   0.0   0.0     ---   ---
 6   9.1  18.5  12:50p   0.1   6:50a   9.2   0.0   0.0   0.0   0.0     ---   ---
 7  11.4  20.5   2:40p   2.3   6:40a   7.3   0.3   0.0   0.0   0.0     ---   ---
 8  14.2  21.8   3:10p   6.3   5:10a   4.6   0.4   0.3   0.0   0.0     ---   ---
 9  11.3  16.0  12:10a   8.7   8:30p   7.0   0.0   1.3   0.0   0.0     ---   ---
10   9.8  14.5   1:30p   6.8   3:10a   8.6   0.0   0.0   0.0   0.0     ---   ---
11  10.8  18.3   2:40p   3.9  12:00m   7.5   0.0   0.0   0.0   0.0     ---   ---
12   9.9  19.4   2:10p   1.1   5:50a   8.4   0.1   0.3   0.0   0.0     ---   ---
13  11.0  15.2   2:20p   6.2   3:20a   7.3   0.0   0.0   0.0   0.0     ---   ---
14  11.6  20.7   1:40p   3.7   6:10a   7.1   0.2   0.3   0.0   0.0     ---   ---
15  12.0  21.1   3:00p   4.1   4:50a   6.8   0.4   0.3   0.0   0.0     ---   ---
16  12.6  21.2   1:30p   3.4   6:20a   6.3   0.5   0.0   0.0   0.0     ---   ---
17  14.8  23.8  12:20p   8.3   3:30a   4.9   1.3   0.0   0.0   0.0     ---   ---
18  13.0  17.9   3:00p  10.3   5:30a   5.3   0.0   0.0   0.0   0.0     ---   ---
19  16.2  22.7   2:50p  11.8   6:10a   2.9   0.7   0.0   0.0   0.0     ---   ---
20  14.6  18.1  11:50a  11.9  11:50p   3.8   0.0  12.2   0.0   0.0     ---   ---
21  16.3  24.9   1:50p   9.6   6:00a   3.6   1.4  11.9   0.0   0.0     ---   ---
22  12.9  18.9   1:00p   6.8   5:00a   5.4   0.0   0.0   0.0   0.0     ---   ---
23   9.6  14.7  11:40a   6.7   9:40p   8.7   0.0   3.0   0.0   0.0     ---   ---
24   8.9  13.4   1:50p   5.1  11:20p   9.4   0.0   0.5   0.0   0.0     ---   ---
25   5.4  10.3  10:00a   2.8  12:00m  12.9   0.0  16.0   0.0   0.0     ---   ---
26   5.9  10.3   2:40p   2.6   6:10a  12.4   0.0   0.0   0.0   0.0     ---   ---
27   8.3  14.9   3:20p   3.2  11:50p  10.1   0.0   0.0   0.0   0.0     ---   ---
28   6.2  17.1   1:10p  -0.7   6:10a   6.8   0.0   0.3   0.0   0.0     ---   ---
29
30
-------------------------------------------------------------------------------------
    11.0  24.9    21    -0.7    28   205.7   5.7  48.0   0.0   0.0     ---   ---

Max >=  32.0:  0
Max <=   0.0:  0
Min <=   0.0:  1
Min <= -18.0:  0
Max Rain: 16.00 ON 25/09/20
Days of Rain: 14 (> .2 mm) 4 (> 2 mm) 0 (> 20 mm)
Heat Base:  18.3  Cool Base:  18.3  Method: Integration