MONTHLY CLIMATOLOGICAL SUMMARY for JUN. 2019

NAME: Wallaroo   CITY:    STATE:  
ELEV:   602 m  LAT:  35 10' 14" S  LONG: 149 01' 10" E

                   TEMPERATURE (C), RAIN  (mm), WIND SPEED (km/hr)

                                      HEAT  COOL        AVG
    MEAN                              DEG   DEG         WIND                 DOM
DAY TEMP  HIGH   TIME   LOW    TIME   DAYS  DAYS  RAIN  SPEED HIGH   TIME    DIR
------------------------------------------------------------------------------------
 1   7.0  14.3   2:10p   1.7   7:10a  11.2   0.0   0.0   0.5  19.3  11:40a     S
 2   7.6  14.8   2:00p   1.3   7:10a  10.6   0.0   0.3   0.0   4.8   2:10p     S
 3   6.5  11.0   2:20p   4.9   6:10p  11.8   0.0   3.8   0.0  17.7   4:40p     N
 4   7.2  10.0   1:30p   5.0   1:30a  10.9   0.0   0.0   5.0  48.3   1:40p   SSE
 5   6.3  12.0   2:10p   2.2   6:40a  11.3   0.0   0.0   0.5  25.7  10:30a   SSE
 6   5.1  12.8   2:40p  -1.7   7:20a   7.4   0.0   0.0   0.0   0.0     ---   ---
 7   8.0  17.5   2:30p   1.7   5:50a   6.7   0.0   0.0   0.0   8.0  11:50a   SSW
 8   6.2   9.7   3:30p   2.4   2:50a  12.2   0.0   0.0   0.0   1.6  10:00a     N
 9   8.8  14.4   1:30p   2.9   6:30a   9.6   0.0   0.3   0.0   9.7  11:40a    NW
10  10.8  12.7   1:20p   8.7  12:30a   7.6   0.0   3.3   0.0  12.9  10:30a     W
11   9.7  15.0   2:20p   6.1  12:00m   8.5   0.0   0.3   0.0   3.2   2:40p   WNW
12   9.7  14.9   1:00p   3.8   5:00a   8.6   0.0   0.3   0.0   8.0   1:10p   NNW
13  10.9  15.0   1:10p   5.8  12:00m   7.3   0.0   2.0   0.0   8.0   9:40a     W
14   7.1  14.9   2:20p   2.0   7:50a  11.1   0.0   0.3   0.0  11.3   2:50p     W
15   5.9   9.8   2:30p   3.3   7:10a  12.4   0.0   0.3   0.0   0.0     ---   ---
16   7.2  12.7   2:30p   2.7   6:50a  11.1   0.0   0.0   0.0   8.0   9:40a    SW
17   7.9  13.5   2:00p   2.7   7:10a  10.1   0.0   0.3   0.2  16.1   1:00p     S
18   7.2  12.2   2:10p   2.9   7:20a  11.1   0.0   0.3   0.0   4.8  10:00p     N
19   3.4   5.7  12:10a   1.8   5:50a   3.6   0.0   0.0   0.0   0.0     ---   ---
20
21
22
23
24
25
26
27
28
29
30
-------------------------------------------------------------------------------------
     7.5  17.5     7    -1.7     6   182.9   0.0  11.2   0.3  48.3     4       S

Max >=  32.0:  0
Max <=   0.0:  0
Min <=   0.0:  1
Min <= -18.0:  0
Max Rain: 3.81 ON 03/06/19
Days of Rain: 11 (> .2 mm) 3 (> 2 mm) 0 (> 20 mm)
Heat Base:  18.3  Cool Base:  18.3  Method: Integration