MONTHLY CLIMATOLOGICAL SUMMARY for JUN. 2021

NAME: Wallaroo   CITY:    STATE:  
ELEV:   637 m  LAT:  35 10' 02" S  LONG: 149 08' 57" E

                   TEMPERATURE (C), RAIN  (mm), WIND SPEED (km/hr)

                                      HEAT  COOL        AVG
    MEAN                              DEG   DEG         WIND                 DOM
DAY TEMP  HIGH   TIME   LOW    TIME   DAYS  DAYS  RAIN  SPEED HIGH   TIME    DIR
------------------------------------------------------------------------------------
 1   5.2  14.1  12:30p  -3.1   7:30a  13.1   0.0   0.3   0.0   0.0     ---   ---
 2  10.1  17.4   1:40p   5.0   8:00a   8.3   0.0   0.0   0.0   0.0     ---   ---
 3   9.0  10.8   1:20p   6.1  11:20p   9.3   0.0  16.3   0.0   0.0     ---   ---
 4   7.4  12.9   1:40p   2.2  12:00m  10.9   0.0   0.3   0.0   0.0     ---   ---
 5   3.3   9.6   2:10p  -2.9   6:40a  15.1   0.0   0.0   0.0   0.0     ---   ---
 6   6.5  13.8   1:30p  -0.2   7:40a  11.8   0.0   0.3   0.0   0.0     ---   ---
 7   6.7  14.1   1:40p   1.9   3:30a  11.6   0.0   0.0   0.0   0.0     ---   ---
 8   7.3  15.0   1:50p   1.9   3:00a  11.1   0.0   3.8   0.0   0.0     ---   ---
 9   5.4  10.2   1:30p   2.8   4:20a  12.9   0.0   0.5   0.0   0.0     ---   ---
10   5.3   8.3   1:40p   2.6   7:00a  13.1   0.0   4.1   0.0   0.0     ---   ---
11   7.9  12.5  12:10p   5.9  12:50a  10.4   0.0   4.1   0.0   0.0     ---   ---
12   7.2   9.8  11:50a   4.1   7:20a  11.2   0.0   0.3   0.0   0.0     ---   ---
13   8.1  13.0   2:00p   5.8   2:20a  10.2   0.0   0.0   0.0   0.0     ---   ---
14   7.8  13.5   3:20p   3.2  12:00m  10.5   0.0   0.0   0.0   0.0     ---   ---
15   6.7  13.4   2:20p   2.4  12:00m  11.6   0.0   0.0   0.0   0.0     ---   ---
16   6.4  11.3  12:50p   0.8   3:30a  11.9   0.0  24.9   0.0   0.0     ---   ---
17   6.6   9.3  12:20p   4.8   6:00a  11.8   0.0   0.8   0.0   0.0     ---   ---
18   8.0  12.4  11:50a   5.3   7:20a  10.3   0.0   1.8   0.0   0.0     ---   ---
19   9.2  12.3   1:10p   6.8  11:50p   9.1   0.0   0.0   0.0   0.0     ---   ---
20   7.4  11.7   2:20p   1.7  12:00m  10.9   0.0   0.0   0.0   0.0     ---   ---
21   5.3  12.5   3:30p  -0.6   7:30a  13.0   0.0   0.0   0.0   0.0     ---   ---
22   6.9  13.2   2:50p   1.4   7:30a  11.4   0.0   0.3   0.0   0.0     ---   ---
23   5.3  11.8   1:10p   2.6   5:40a   7.2   0.0   0.0   0.0   0.0     ---   ---
24
25
26
27
28
29
30
-------------------------------------------------------------------------------------
     6.9  17.4     2    -3.1     1   256.7   0.0  57.4   0.0   0.0     ---   ---

Max >=  32.0:  0
Max <=   0.0:  0
Min <=   0.0:  4
Min <= -18.0:  0
Max Rain: 24.89 ON 16/06/21
Days of Rain: 13 (> .2 mm) 5 (> 2 mm) 1 (> 20 mm)
Heat Base:  18.3  Cool Base:  18.3  Method: Integration