MONTHLY CLIMATOLOGICAL SUMMARY for AUG. 2019

NAME: Wallaroo   CITY:    STATE:  
ELEV:   602 m  LAT:  35 10' 14" S  LONG: 149 01' 10" E

                   TEMPERATURE (C), RAIN  (mm), WIND SPEED (km/hr)

                                      HEAT  COOL        AVG
    MEAN                              DEG   DEG         WIND                 DOM
DAY TEMP  HIGH   TIME   LOW    TIME   DAYS  DAYS  RAIN  SPEED HIGH   TIME    DIR
------------------------------------------------------------------------------------
 1   5.2  13.2   2:10p  -1.3   6:40a  13.2   0.0   0.0   0.0   0.0     ---   ---
 2   6.5  13.9   1:20p   1.9   4:40a  11.4   0.0   0.3   0.0   0.0     ---   ---
 3   4.9  11.0   1:50p   0.8  11:20p  13.3   0.0   0.3   0.0   0.0     ---   ---
 4   5.6  11.5   2:00p   1.9  12:10a  12.8   0.0   0.0   0.0   0.0     ---   ---
 5   5.3  10.8   2:00p   1.6  11:50p  12.9   0.0   0.0   0.0   0.0     ---   ---
 6   3.9  11.8   3:00p  -1.3   3:20a  13.8   0.0   0.3   0.0   0.0     ---   ---
 7   6.1  15.3   3:00p  -2.2   6:30a  12.1   0.0   0.3   0.0   0.0     ---   ---
 8   5.4  10.3   1:10p   0.9   3:00a  12.7   0.0   6.3   0.0   0.0     ---   ---
 9   4.6   7.6   1:20p   2.0  11:50p  13.5   0.0   7.1   0.0   0.0     ---   ---
10   3.5   7.5   1:30p   0.8   5:00a  14.8   0.0   9.9   0.0   9.7  11:20a     W
11   4.8   9.6   1:00p   2.3   6:40a  13.6   0.0   2.8   0.0   9.7  10:00a     W
12   5.4  11.8   2:10p   0.3   6:50a  12.5   0.0   0.0   0.0   4.8  10:30a    NW
13   4.4  11.2   2:20p   0.6   5:50a  13.4   0.0   0.3   0.2  11.3   2:30p   NNW
14   3.3   9.7   2:30p  -1.6   6:10a  14.9   0.0   0.0   0.0   0.0     ---   ---
15   6.9  15.2   1:50p   2.0   4:20a  11.3   0.0   0.3   0.0   9.7  11:10a   NNW
16   8.7  16.5   1:40p   0.8   7:40a   9.7   0.0   0.0   0.0   0.0     ---   ---
17   9.3  17.2   2:40p   3.0   7:00a   9.0   0.0   0.0   1.0  25.7  10:10a   SSE
18   8.7  17.8   2:00p   2.6   5:00a   9.6   0.0   2.0   0.0   0.0     ---   ---
19   5.1   9.4   2:10p   2.4   6:50a  13.3   0.0   0.5   0.0   0.0     ---   ---
20   6.9  12.1  11:40a   2.9   4:10a  11.1   0.0   0.0   0.0   0.0     ---   ---
21  10.2  14.9  12:50p   7.0   2:30a   8.0   0.0   0.3   0.0   0.0     ---   ---
22  10.0  15.7  12:10p   2.6  12:00m   8.3   0.0   0.0   0.0   0.0     ---   ---
23   0.7   2.6  12:10a  -0.7   5:00a   3.7   0.0   0.0   0.0   0.0     ---   ---
24
25
26
27
28
29
30
31
-------------------------------------------------------------------------------------
     5.9  17.8    18    -2.2     7   268.9   0.0  30.5   0.0  25.7    17     NNW

Max >=  32.0:  0
Max <=   0.0:  0
Min <=   0.0:  5
Min <= -18.0:  0
Max Rain: 9.91 ON 10/08/19
Days of Rain: 13 (> .2 mm) 5 (> 2 mm) 0 (> 20 mm)
Heat Base:  18.3  Cool Base:  18.3  Method: Integration