MONTHLY CLIMATOLOGICAL SUMMARY for SEP. 2018

NAME: Wallaroo   CITY:    STATE:  
ELEV:   602 m  LAT:  35 10' 14" S  LONG: 149 01' 10" E

                   TEMPERATURE (C), RAIN  (mm), WIND SPEED (km/hr)

                                      HEAT  COOL        AVG
    MEAN                              DEG   DEG         WIND                 DOM
DAY TEMP  HIGH   TIME   LOW    TIME   DAYS  DAYS  RAIN  SPEED HIGH   TIME    DIR
------------------------------------------------------------------------------------
 1   9.6  14.7  11:30a   5.5  12:00m   8.8   0.0   0.5   0.2  16.1   2:10p    NW
 2   7.8  13.4   3:00p   3.1   7:00a  10.6   0.0   0.3   0.5  19.3   9:50a     S
 3   8.0  14.2   1:40p   4.6   5:40a  10.3   0.0   0.0   0.8  19.3  11:10a    SE
 4   9.1  14.9   2:20p   5.1   3:00a   9.3   0.0   0.0   1.6  22.5   8:20a   SSE
 5   9.8  17.1   3:00p   4.2   5:20a   8.5   0.0   0.0   0.2  20.9  10:20a   NNE
 6   9.3  12.9   2:30p   6.3   5:20a   9.0   0.0  18.3   0.5  17.7  11:50a   SSW
 7  12.8  18.7  11:30a   9.1  10:20p   5.6   0.0   2.0   0.0  11.3  11:50a     E
 8  10.1  15.3   3:00p   6.5  11:30p   8.2   0.0   0.0   0.2  12.9   2:30a     E
 9   9.9  16.7   1:10p   5.0   6:40a   8.4   0.0   0.0   0.3  12.9  11:00a     W
10  11.9  18.4   1:50p   6.3   6:30a   6.4   0.0   0.0   0.0   8.0  11:40a    NE
11  12.6  20.6   3:00p   4.0   5:30a   5.9   0.2   0.0   0.3  16.1  12:30p   NNW
12  14.6  20.5   2:30p   9.1  12:00m   3.9   0.2   0.0   0.3  22.5  11:00a   NNW
13  10.8  19.0   1:50p   3.4   6:40a   7.6   0.1   0.0   0.0  12.9  12:50p   ESE
14  10.2  19.1   1:30p   2.2   5:10a   8.2   0.1   0.0   0.5  16.1  12:50p   NNW
15   9.8  19.7  12:40p   2.4   6:00a   8.6   0.1   0.0   0.3  16.1  11:20a   WSW
16   6.2  13.2  12:00p   0.8   6:30a  12.1   0.0   0.0   0.2  14.5   5:40a   NNW
17   6.7  15.2   1:00p  -1.4   5:50a  11.7   0.0   0.0   0.0  11.3   3:00p   NNW
18  10.8  20.4   1:20p   0.0   6:20a   7.6   0.2   0.0   0.3  22.5   2:40p     N
19  12.2  18.8  11:10a   4.4  12:00m   6.1   0.0   0.0   0.3  17.7  11:30a     E
20   8.2  17.9   2:20p  -0.3   6:10a  10.2   0.0   0.0   0.0  12.9   1:20p   ENE
21   2.1   7.7   8:50a   0.0   6:00a   6.0   0.0   0.0   0.0   1.6   8:40a     W
22
23
24
25
26
27
28
29
30
-------------------------------------------------------------------------------------
     9.6  20.6    11    -1.4    17   172.9   0.8  21.1   0.3  22.5     4     NNW

Max >=  32.0:  0
Max <=   0.0:  0
Min <=   0.0:  4
Min <= -18.0:  0
Max Rain: 18.29 ON 06/09/18
Days of Rain: 4 (> .2 mm) 2 (> 2 mm) 0 (> 20 mm)
Heat Base:  18.3  Cool Base:  18.3  Method: Integration