MONTHLY CLIMATOLOGICAL SUMMARY for APR. 2019

NAME: Wallaroo   CITY:    STATE:  
ELEV:   602 m  LAT:  35 10' 14" S  LONG: 149 01' 10" E

                   TEMPERATURE (C), RAIN  (mm), WIND SPEED (km/hr)

                                      HEAT  COOL        AVG
    MEAN                              DEG   DEG         WIND                 DOM
DAY TEMP  HIGH   TIME   LOW    TIME   DAYS  DAYS  RAIN  SPEED HIGH   TIME    DIR
------------------------------------------------------------------------------------
 1  11.9  20.8   2:20p   4.8   6:50a   6.6   0.2   0.0   0.0   0.0     ---   ---
 2  15.1  22.9   4:10p   9.6   7:20a   3.9   0.7   0.0   0.0   0.0     ---   ---
 3  16.8  26.5   3:40p   9.7   7:50a   3.1   1.6   0.0   0.0   0.0     ---   ---
 4  17.3  22.4   2:10p  14.7   7:10a   1.8   0.7   0.0   0.0   0.0     ---   ---
 5  16.4  20.7   3:50p  13.7   7:30a   2.3   0.4   0.3   0.0   0.0     ---   ---
 6  17.6  25.7   2:50p  11.5   7:20a   2.4   1.7   0.0   0.0   0.0     ---   ---
 7  16.3  25.8   2:50p   8.6   6:30a   3.4   1.3   0.0   0.0   0.0     ---   ---
 8  17.2  25.3   2:20p   9.4   7:30a   2.8   1.7   0.0   0.0   0.0     ---   ---
 9  15.8  22.3   2:10p   7.7  12:00m   3.2   0.7   0.0   0.0   0.0     ---   ---
10  10.4  18.2   3:20p   4.6   4:10a   7.9   0.0   0.0   0.6  19.3   8:50a     S
11  11.6  20.6   3:40p   4.4   7:40a   6.8   0.1   0.0   0.0   9.7   9:50a   SSE
12  15.1  23.0   2:30p  10.5   8:10a   3.9   0.7   0.0   0.0   4.8   9:20a   SSE
13  14.9  23.6   2:00p   7.0   8:10a   4.5   1.1   0.0   0.0   1.6  11:40a   NNE
14  15.9  21.3   3:50p  12.0   8:10a   2.8   0.4   0.0   0.2  16.1   9:40a   SSE
15  14.7  23.3   3:40p   9.4   3:50a   4.3   0.7   0.0   0.0   0.0     ---   ---
16  15.1  24.9   2:30p   8.9   6:50a   4.4   1.2   0.0   1.8 252.7   6:40p    SW
17  16.0  25.3   1:40p   9.6   4:00a   3.7   1.3   0.0   0.0   0.0     ---   ---
18  16.4  28.2   2:00p   7.6   6:40a   3.8   1.9   0.0   0.0   0.0     ---   ---
19  17.3  26.1   3:00p  12.3  12:00m   2.3   1.3   0.0   0.0   0.0     ---   ---
20  17.1  27.3   2:10p  10.7   5:00a   3.0   1.8   0.0   0.0   0.0     ---   ---
21  17.2  24.6   3:00p  11.7   6:20a   2.6   1.4   0.0   0.0   0.0     ---   ---
22  15.6  22.9  10:50a  13.2   5:50a   1.4   0.2   0.0   0.0   0.0     ---   ---
23
24
25
26
27
28
29
30
-------------------------------------------------------------------------------------
    15.5  28.2    18     4.4    11    80.9  20.9   0.3   0.1 252.7    16     SSE

Max >=  32.0:  0
Max <=   0.0:  0
Min <=   0.0:  0
Min <= -18.0:  0
Max Rain: 0.25 ON 05/04/19
Days of Rain: 1 (> .2 mm) 0 (> 2 mm) 0 (> 20 mm)
Heat Base:  18.3  Cool Base:  18.3  Method: Integration