MONTHLY CLIMATOLOGICAL SUMMARY for DEC. 2018

NAME: Wallaroo   CITY:    STATE:  
ELEV:   602 m  LAT:  35 10' 14" S  LONG: 149 01' 10" E

                   TEMPERATURE (C), RAIN  (mm), WIND SPEED (km/hr)

                                      HEAT  COOL        AVG
    MEAN                              DEG   DEG         WIND                 DOM
DAY TEMP  HIGH   TIME   LOW    TIME   DAYS  DAYS  RAIN  SPEED HIGH   TIME    DIR
------------------------------------------------------------------------------------
 1  20.4  30.3   5:20p  10.5   5:50a   2.0   4.1   0.0   0.0   9.7  11:50a     E
 2  19.3  26.9   9:50a  12.2  12:00m   1.2   2.1   0.8   0.5  20.9   2:10p   WSW
 3  17.0  24.8   1:40p   9.8   5:50a   2.8   1.6   0.0   0.3  19.3   3:30p     W
 4  19.9  29.8   5:20p  12.2   6:10a   1.7   3.2   0.0   0.5  22.5   7:30p   ENE
 5  18.3  26.6   4:20p  13.9   4:10a   1.8   1.7   0.0   0.5  22.5   9:00p     E
 6  20.6  29.3   4:50p  12.7   5:00a   1.4   3.6   0.0   0.6  19.3  10:00a   SSE
 7  23.3  33.2   4:00p  13.2   5:50a   1.0   5.9   0.0   0.2  16.1  11:20a   NNE
 8  26.9  34.2   3:30p  14.1   6:20a   0.2   6.9   0.0   0.0  16.1   1:40p   WNW
 9  24.4  34.4  12:10p  15.9   5:30a   0.2   6.3   0.0   0.6  22.5   2:20p   WNW
10  20.2  29.3   5:00p  16.1   6:50a   0.7   2.6   1.3   0.5  22.5   3:40a     S
11  16.6  17.1  12:50a  16.2   5:30a   0.6   0.0   0.0   0.0  11.3   1:00a    SE
12
13
14
15
16
17
18
19
20
21
22
23
24
25
26
27
28
29
30
31
-------------------------------------------------------------------------------------
    20.6  34.4     9     9.8     3    13.5  38.1   2.0   0.3  22.5     4     NNE

Max >=  32.0:  3
Max <=   0.0:  0
Min <=   0.0:  0
Min <= -18.0:  0
Max Rain: 1.27 ON 10/12/18
Days of Rain: 2 (> .2 mm) 0 (> 2 mm) 0 (> 20 mm)
Heat Base:  18.3  Cool Base:  18.3  Method: Integration