MONTHLY CLIMATOLOGICAL SUMMARY for FEB. 2018

NAME: Wallaroo   CITY:    STATE:  
ELEV:   602 m  LAT:  35 10' 14" S  LONG: 149 01' 10" E

                   TEMPERATURE (C), RAIN  (mm), WIND SPEED (km/hr)

                                      HEAT  COOL        AVG
    MEAN                              DEG   DEG         WIND                 DOM
DAY TEMP  HIGH   TIME   LOW    TIME   DAYS  DAYS  RAIN  SPEED HIGH   TIME    DIR
------------------------------------------------------------------------------------
 1  15.1  22.1   3:50p   9.1   6:40a   3.9   0.7   0.0   3.7  38.6  12:50a     S
 2  16.6  25.3   4:20p   8.6   6:10a   3.4   1.7   0.0   0.6  27.4   8:50p     S
 3  17.8  24.2   1:50p  13.0   6:40a   1.9   1.4   0.0   1.9  30.6   3:10p     S
 4  19.7  28.1   4:00p  13.5   1:00a   1.5   2.9   0.0   0.6  22.5   3:20p     S
 5  21.1  32.4   3:20p  11.3   6:00a   1.7   4.5   0.0   0.5  25.7   3:30p     S
 6  19.1  24.7   4:10p  14.1   6:30a   1.0   1.8   0.0   0.3  19.3   7:50p     S
 7  21.3  33.1   5:20p  14.9   6:50a   0.8   3.1   0.0   0.2  16.1   8:20a     S
 8  20.1  35.1   5:40p  15.2   7:00a   0.3   1.0   0.0   0.0  12.9   6:10p   NNW
 9  25.8  35.4   2:50p  20.4  10:30p   0.0   1.1   0.0   0.8  29.0   3:30p     S
10  17.9  28.8   8:30p  14.2   6:50a   0.6   0.4   0.0   0.5  40.2   8:30p     S
11  22.5  33.7   4:00p  16.1  12:00m   0.1   1.2   0.0   0.2  11.3   1:10p   WNW
12  20.7  30.8   2:20p  14.7   5:10a   1.1   3.2   0.0   0.0  16.1  11:10a   WNW
13  20.8  31.9   4:30p  16.9   6:20a   0.5   2.4   0.0   0.5  19.3  10:10a   SSE
14  23.4  34.2   2:20p  13.8   6:40a   0.8   5.3   0.0   0.6  20.9  12:50p     N
15  20.7  32.0   3:20p   9.6   6:40a   1.8   4.2   0.0   0.2  12.9  12:00p    NW
16  22.0  31.6   3:20p  14.4   2:20a   1.1   4.7   0.0   0.0  16.1  10:00a   WSW
17  22.6  32.8   4:00p  14.7   7:00a   0.8   5.0   0.0   0.2  11.3  12:10a    SE
18  23.7  34.8   2:20p  13.5   7:00a   1.1   6.5   0.0   0.2  16.1   2:20p     S
19  21.0  25.9  12:10p  17.4   9:50p   0.1   2.8   0.0   6.1  33.8   2:20p   SSE
20  16.7  21.7   2:20p  13.6   7:50a   1.3   0.3   0.0   7.9  38.6   9:00a   SSE
21
22
23
24
25
26
27
28
-------------------------------------------------------------------------------------
    20.4  35.4     9     8.6     2    23.9  54.1   0.0   1.2  40.2    10       S

Max >=  32.0:  9
Max <=   0.0:  0
Min <=   0.0:  0
Min <= -18.0:  0
Max Rain: 0.00 ON 01/02/18
Days of Rain: 0 (> .2 mm) 0 (> 2 mm) 0 (> 20 mm)
Heat Base:  18.3  Cool Base:  18.3  Method: Integration