MONTHLY CLIMATOLOGICAL SUMMARY for FEB. 2019

NAME: Wallaroo   CITY:    STATE:  
ELEV:   602 m  LAT:  35 10' 14" S  LONG: 149 01' 10" E

                   TEMPERATURE (C), RAIN  (mm), WIND SPEED (km/hr)

                                      HEAT  COOL        AVG
    MEAN                              DEG   DEG         WIND                 DOM
DAY TEMP  HIGH   TIME   LOW    TIME   DAYS  DAYS  RAIN  SPEED HIGH   TIME    DIR
------------------------------------------------------------------------------------
 1  16.8  20.8   3:20p  14.4   7:50a   1.8   0.3   0.0   0.0   0.0     ---   ---
 2  21.3  29.0   5:50p  16.5  12:10a   0.4   3.5   0.0   0.0   0.0     ---   ---
 3  25.4  35.9   4:50p  17.8   6:30a   0.0   7.1   9.9   0.0   0.0     ---   ---
 4  24.6  34.1   4:20p  19.1  10:00p   0.0   6.2   4.3   0.0   0.0     ---   ---
 5  21.0  28.7   2:30p  18.4   7:20a   0.0   2.7  50.8   0.0   0.0     ---   ---
 6  23.1  29.7   4:10p  18.6  12:50a   0.0   4.7   0.0   0.0   0.0     ---   ---
 7  23.3  31.4   3:30p  17.8   6:40a   0.0   5.0   0.3   0.0   0.0     ---   ---
 8  21.0  31.4   1:20p  16.0  11:30p   0.4   3.1   7.1   0.0   0.0     ---   ---
 9  18.7  24.9   1:40p  12.2  12:00m   1.5   1.9   0.0   0.0   0.0     ---   ---
10  16.5  25.2   4:30p   7.4   7:10a   3.5   1.6   0.0   0.0   0.0     ---   ---
11  19.8  29.2   3:40p  10.1   6:40a   2.2   3.6   0.0   0.0   0.0     ---   ---
12  22.3  29.9   2:20p  14.9   6:50a   0.6   4.6   0.0   0.0   0.0     ---   ---
13  16.9  24.6   4:10p   9.3   6:50a   2.7   1.2   0.0   0.0   0.0     ---   ---
14  17.3  26.9   4:30p   7.6   6:50a   3.4   2.4   0.0   0.0   0.0     ---   ---
15  20.9  29.7   4:10p  14.9   6:30a   0.9   3.6   0.0   0.0   0.0     ---   ---
16  20.8  29.0   4:10p  13.4   7:00a   1.2   3.7   0.0   0.0   0.0     ---   ---
17  22.6  34.1   4:30p  11.7   6:40a   1.4   5.7   0.0   0.0   0.0     ---   ---
18  23.2  35.6   2:20p  14.5   6:50a   0.6   5.4   1.3   0.0   0.0     ---   ---
19  22.5  33.1   2:40p  15.2  11:10p   0.8   4.9   0.0   0.0   0.0     ---   ---
20  20.1  28.9   3:40p  15.1   5:20a   1.2   2.9   0.0   0.0   0.0     ---   ---
21  17.0  18.0  12:10a  16.3   7:00a   0.5   0.0   0.0   0.0   0.0     ---   ---
22
23
24
25
26
27
28
-------------------------------------------------------------------------------------
    20.7  35.9     3     7.4    10    23.1  74.1  73.7   0.0   0.0     ---   ---

Max >=  32.0:  5
Max <=   0.0:  0
Min <=   0.0:  0
Min <= -18.0:  0
Max Rain: 50.80 ON 05/02/19
Days of Rain: 6 (> .2 mm) 4 (> 2 mm) 1 (> 20 mm)
Heat Base:  18.3  Cool Base:  18.3  Method: Integration