MONTHLY CLIMATOLOGICAL SUMMARY for SEP. 2021

NAME: Wallaroo   CITY:    STATE:  
ELEV:   637 m  LAT:  35 10' 02" S  LONG: 149 08' 57" E

                   TEMPERATURE (C), RAIN  (mm), WIND SPEED (km/hr)

                                      HEAT  COOL        AVG
    MEAN                              DEG   DEG         WIND                 DOM
DAY TEMP  HIGH   TIME   LOW    TIME   DAYS  DAYS  RAIN  SPEED HIGH   TIME    DIR
------------------------------------------------------------------------------------
 1  12.5  23.5   1:30p   4.6   7:00a   6.8   0.9   0.0   0.0   0.0     ---   ---
 2  12.4  23.6   2:40p   1.8   6:30a   6.9   1.0   0.0   0.0   0.0     ---   ---
 3  13.9  22.7   1:30p   7.0   4:40a   5.0   0.6   0.0   0.0   0.0     ---   ---
 4  11.9  13.3   3:40a   8.7   1:20a   6.4   0.0  34.8   0.0   0.0     ---   ---
 5   7.8   9.8  12:10a   5.7  11:30p  10.5   0.0   4.3   0.0   0.0     ---   ---
 6   8.3  16.4   1:50p   2.2  11:30p  10.1   0.0   0.0   0.0   0.0     ---   ---
 7   7.9  16.3   1:40p   0.6   2:20a  10.4   0.0   0.0   0.0   0.0     ---   ---
 8   7.8  16.3   2:10p   1.3   3:40a  10.5   0.0   0.3   0.0   0.0     ---   ---
 9  10.4  18.7   3:00p   1.7   6:30a   7.9   0.0   0.3   0.0   0.0     ---   ---
10  13.8  20.2   1:40p   8.3   6:40a   4.8   0.3   0.0   0.0   0.0     ---   ---
11  13.8  22.3   2:10p   4.3   5:00a   5.2   0.7   0.0   0.0   0.0     ---   ---
12  11.7  17.9  11:40a   3.3  12:00m   6.7   0.0   0.0   0.0   0.0     ---   ---
13   6.3  12.7   1:40p   1.0   5:30a  12.0   0.0   0.0   0.0   0.0     ---   ---
14   8.1  14.6   2:50p   3.3   6:50a  10.2   0.0   0.0   0.0   0.0     ---   ---
15   7.7  15.3   2:30p   0.0   5:40a  10.7   0.0   0.0   0.0   0.0     ---   ---
16   9.9  16.9   3:00p   4.1   6:50a   8.4   0.0   0.0   0.0   0.0     ---   ---
17  12.1  18.7   1:20p   2.8   6:30a   6.3   0.0   0.8   0.0   0.0     ---   ---
18  11.7  16.8   1:40p   6.8  11:10p   6.6   0.0  13.2   0.0   0.0     ---   ---
19   9.4  15.1   2:30p   2.6   6:10a   8.9   0.0   0.0   0.0   0.0     ---   ---
20   8.8  17.1  11:10a   4.6  12:00m   9.6   0.0   2.3   0.0   0.0     ---   ---
21   6.6  13.0   2:20p   0.0   6:30a  11.8   0.0   0.3   0.0   0.0     ---   ---
22   0.3   1.8  12:10a  -1.0   5:40a   5.1   0.0   0.0   0.0   0.0     ---   ---
23
24
25
26
27
28
29
30
-------------------------------------------------------------------------------------
     9.7  23.6     2    -1.0    22   180.7   3.5  56.1   0.0   0.0     ---   ---

Max >=  32.0:  0
Max <=   0.0:  0
Min <=   0.0:  3
Min <= -18.0:  0
Max Rain: 34.80 ON 04/09/21
Days of Rain: 8 (> .2 mm) 4 (> 2 mm) 1 (> 20 mm)
Heat Base:  18.3  Cool Base:  18.3  Method: Integration