MONTHLY CLIMATOLOGICAL SUMMARY for DEC. 2017

NAME: Wallaroo   CITY:    STATE:  
ELEV:   602 m  LAT:  35 10' 14" S  LONG: 149 01' 10" E

                   TEMPERATURE (C), RAIN  (mm), WIND SPEED (km/hr)

                                      HEAT  COOL        AVG
    MEAN                              DEG   DEG         WIND                 DOM
DAY TEMP  HIGH   TIME   LOW    TIME   DAYS  DAYS  RAIN  SPEED HIGH   TIME    DIR
------------------------------------------------------------------------------------
 1  21.8  29.7   1:00p  16.3   5:50a   0.2   3.7  13.7   0.2  17.7   2:20p   NNW
 2  16.8  19.1   2:00a  13.1  11:30p   1.6   0.1  48.8   0.5  30.6  11:10a   NNE
 3  13.8  18.7   2:10p  10.5  11:50p   4.5   0.0   0.5   0.2  19.3  10:00a   NNW
 4  11.3  12.7   4:30p   9.6   4:20a   7.0   0.0  24.1   2.4  20.9   1:20p     S
 5  14.0  17.9   1:20p  10.9   4:00a   4.3   0.0   3.8   6.8  41.8  12:10p     S
 6  15.4  20.9   5:50p  11.1   5:40a   3.2   0.3   0.5   0.0  17.7   4:20p   SSE
 7  19.4  27.6   1:50p  12.3   5:40a   1.6   2.4   0.0   0.2  12.9  11:30a    SE
 8  17.6  23.2   2:10p  11.9   6:20a   1.9   1.3   5.3   0.0  17.7  12:10a     S
 9  18.0  25.4   2:50p  10.0   5:50a   2.5   2.2   0.0   0.2  12.9  11:10p   SSE
10  20.4  28.7   3:10p  12.3   6:10a   1.6   3.7   0.0   0.2  11.3  10:00a    NE
11  21.9  30.9   3:10p  13.9   6:00a   0.8   4.4   0.0   0.2  22.5   9:30p   NNW
12  23.1  31.5   3:10p  16.4   3:30a   0.3   5.1   0.0   0.2  16.1   8:30a   SSE
13  24.5  34.5   3:50p  14.8   5:50a   0.6   6.8   0.0   0.0  12.9   1:40p   WNW
14  23.4  32.2   3:10p  15.3   6:10a   0.4   5.4   0.0   0.2  22.5   5:00p   NNW
15  21.2  27.4   1:10p  17.7   8:20a   0.1   1.6   2.0   0.2  12.9   9:20a   NNE
16
17
18
19
20
21
22
23
24
25
26
27
28
29
30
31
-------------------------------------------------------------------------------------
    18.9  34.5    13     9.6     4    30.6  36.9  98.8   0.7  41.8     5       S

Max >=  32.0:  2
Max <=   0.0:  0
Min <=   0.0:  0
Min <= -18.0:  0
Max Rain: 48.77 ON 02/12/17
Days of Rain: 8 (> .2 mm) 6 (> 2 mm) 2 (> 20 mm)
Heat Base:  18.3  Cool Base:  18.3  Method: Integration